{"id":105,"date":"2017-07-22T17:19:17","date_gmt":"2017-07-22T17:19:17","guid":{"rendered":"https:\/\/wordpress.apm.pt\/?page_id=105"},"modified":"2019-10-17T16:35:27","modified_gmt":"2019-10-17T15:35:27","slug":"orgaos-sociais","status":"publish","type":"page","link":"https:\/\/wordpress.apm.pt\/?page_id=105","title":{"rendered":"\u00d3rg\u00e3os Sociais"},"content":{"rendered":"<p>A Dire\u00e7\u00e3o da Associa\u00e7\u00e3o de Professores de Matem\u00e1tica \u00e9 constitu\u00edda por nove professores de todos os n\u00edveis de ensino, eleitos por um per\u00edodo de tr\u00eas anos. S\u00e3o renovados alternadamente quatro ou cinco membros da Direc\u00e7\u00e3o. Aqui pode consultar o\u00a0 <a href=\"https:\/\/wordpress.apm.pt\/wp-content\/uploads\/2017\/07\/Regulamento_Eleitoral_APM_2016.pdf\">Regulamento Eleitoral<\/a>.<\/p>\n<p>De Julho de 2019 a Julho de 2020 a composi\u00e7\u00e3o da Dire\u00e7\u00e3o \u00e9 a abaixo indicada.<\/p>\n<p>A Assembleia Geral \u00e9 constitu\u00edda por todos os associados no pleno gozo dos seus direitos sociais, tendo cada associado direito a um voto. A Mesa da Assembleia Geral \u00e9 constitu\u00edda por tr\u00eas associados eleitos por um per\u00edodo de tr\u00eas anos.<\/p>\n<p>O documento orientador das Assembleias Gerais \u00e9 o <a href=\"https:\/\/wordpress.apm.pt\/wp-content\/uploads\/2017\/07\/AG-Regimento.pdf\">Regimento da Assembleia Geral<\/a>.<\/p>\n<p>O Conselho Fiscal \u00e9 constitu\u00eddo por tr\u00eas associados eleitos por um per\u00edodo de tr\u00eas anos.<\/p>\n<p>A atual Mesa da Assembleia Geral e o Conselho Fiscal foram eleitos para o tri\u00e9nio 2019\/2022.<\/p>\n<table style=\"width: 100%;\" border=\"0\">\n<tbody>\n<tr align=\"left\">\n<td style=\"width: 31.0345%;\"><strong> Dire\u00e7\u00e3o<\/strong><\/td>\n<td style=\"width: 33.7931%;\"><strong> Conselho Fiscal <\/strong><\/td>\n<td style=\"width: 32.4138%;\"><strong>Mesa da Assembleia Geral<\/strong><\/td>\n<\/tr>\n<tr>\n<td style=\"width: 31.0345%;\"><strong>Presidente<\/strong><\/td>\n<td style=\"width: 33.7931%;\"><strong>Presidente<\/strong><\/td>\n<td style=\"width: 32.4138%;\"><strong>Presidente <\/strong><\/td>\n<\/tr>\n<tr>\n<td style=\"width: 31.0345%;\"><span style=\"color: #333333;\">Lurdes Figueiral<\/span><\/td>\n<td style=\"width: 33.7931%;\"><span style=\"color: #333333;\">Paulo Teixeira de Sousa<\/span><\/td>\n<td style=\"width: 32.4138%;\"><span style=\"color: #333333;\">Paulo Correia<\/span><\/td>\n<td style=\"width: 0.689655%;\"><\/td>\n<\/tr>\n<tr>\n<td style=\"width: 31.0345%;\"><strong>Vice-Presidentes<\/strong><\/td>\n<td style=\"width: 33.7931%;\"><strong>Vogais<\/strong><\/td>\n<td style=\"width: 32.4138%;\"><strong>Vogais<\/strong><\/td>\n<td style=\"width: 0.689655%;\"><\/td>\n<\/tr>\n<tr>\n<td style=\"width: 31.0345%;\"><span style=\"color: #333333;\">Renata Carvalho<\/span><\/p>\n<p><span style=\"color: #333333;\">Luc\u00edlia Teles<\/span><\/td>\n<td style=\"width: 33.7931%;\"><span style=\"color: #333333;\">Alberto Martins Teixeira<\/span><\/p>\n<p><span style=\"color: #333333;\">Isabel Maria Hortas<\/span><\/td>\n<td style=\"width: 32.4138%;\"><span style=\"color: #333333;\">Joaquim F\u00e9lix<\/span><\/p>\n<p><span style=\"color: #333333;\">Rui Gon\u00e7alo Espadeiro<\/span><\/td>\n<td style=\"width: 0.689655%;\"><\/td>\n<\/tr>\n<tr>\n<td style=\"width: 31.0345%;\"><strong>Vogais<\/strong><\/td>\n<td style=\"width: 33.7931%;\"><\/td>\n<td style=\"width: 32.4138%;\"><\/td>\n<td style=\"width: 0.689655%;\"><\/td>\n<\/tr>\n<tr>\n<td style=\"width: 31.0345%;\"><span style=\"color: #333333;\">F\u00e1tima Freitas<\/span><\/p>\n<p><span style=\"color: #333333;\">Jo\u00e3o Carlos Terroso<\/span><\/p>\n<p><span style=\"color: #333333;\">Let\u00edcia Martins<\/span><\/p>\n<p><span style=\"color: #333333;\">L\u00edgia Carvalho<\/span><\/p>\n<p><span style=\"color: #333333;\">Margarida Rodrigues<\/span><\/p>\n<p><span style=\"color: #333333;\">Sandra Nobre<\/span><\/td>\n<\/tr>\n<\/tbody>\n<\/table>\n<p>contacto: direccao@apm.pt<\/p>\n","protected":false},"excerpt":{"rendered":"<p>A Dire\u00e7\u00e3o da Associa\u00e7\u00e3o de Professores de Matem\u00e1tica \u00e9 constitu\u00edda por nove professores de todos os n\u00edveis de ensino, eleitos por um per\u00edodo de tr\u00eas anos. S\u00e3o renovados alternadamente quatro ou cinco membros da Direc\u00e7\u00e3o. Aqui pode consultar o\u00a0 Regulamento Eleitoral. De Julho de 2019 a Julho de 2020 a composi\u00e7\u00e3o da Dire\u00e7\u00e3o \u00e9 a [&hellip;]<\/p>\n","protected":false},"author":1,"featured_media":0,"parent":0,"menu_order":0,"comment_status":"closed","ping_status":"closed","template":"fullwidth.php","meta":{"_monsterinsights_skip_tracking":false,"_monsterinsights_sitenote_active":false,"_monsterinsights_sitenote_note":"","_monsterinsights_sitenote_category":0,"jetpack_post_was_ever_published":false,"footnotes":""},"class_list":["post-105","page","type-page","status-publish","hentry"],"jetpack_sharing_enabled":true,"jetpack_shortlink":"https:\/\/wp.me\/P8Nl6b-1H","jetpack-related-posts":[],"_links":{"self":[{"href":"https:\/\/wordpress.apm.pt\/index.php?rest_route=\/wp\/v2\/pages\/105","targetHints":{"allow":["GET"]}}],"collection":[{"href":"https:\/\/wordpress.apm.pt\/index.php?rest_route=\/wp\/v2\/pages"}],"about":[{"href":"https:\/\/wordpress.apm.pt\/index.php?rest_route=\/wp\/v2\/types\/page"}],"author":[{"embeddable":true,"href":"https:\/\/wordpress.apm.pt\/index.php?rest_route=\/wp\/v2\/users\/1"}],"replies":[{"embeddable":true,"href":"https:\/\/wordpress.apm.pt\/index.php?rest_route=%2Fwp%2Fv2%2Fcomments&post=105"}],"version-history":[{"count":12,"href":"https:\/\/wordpress.apm.pt\/index.php?rest_route=\/wp\/v2\/pages\/105\/revisions"}],"predecessor-version":[{"id":3506,"href":"https:\/\/wordpress.apm.pt\/index.php?rest_route=\/wp\/v2\/pages\/105\/revisions\/3506"}],"wp:attachment":[{"href":"https:\/\/wordpress.apm.pt\/index.php?rest_route=%2Fwp%2Fv2%2Fmedia&parent=105"}],"curies":[{"name":"wp","href":"https:\/\/api.w.org\/{rel}","templated":true}]}}

Órgãos Sociais

<p>A Direção da Associação de Professores de Matemática é constituída por nove professores de todos os níveis de ensino, eleitos por um período de três anos. São renovados alternadamente quatro ou cinco membros da Direcção. Aqui pode consultar o  <a href="https://wordpress.apm.pt/wp-content/uploads/2017/07/Regulamento_Eleitoral_APM_2016.pdf">Regulamento Eleitoral</a>.</p>
<p>De Julho de 2019 a Julho de 2020 a composição da Direção é a abaixo indicada.</p>
<p>A Assembleia Geral é constituída por todos os associados no pleno gozo dos seus direitos sociais, tendo cada associado direito a um voto. A Mesa da Assembleia Geral é constituída por três associados eleitos por um período de três anos.</p>
<p>O documento orientador das Assembleias Gerais é o <a href="https://wordpress.apm.pt/wp-content/uploads/2017/07/AG-Regimento.pdf">Regimento da Assembleia Geral</a>.</p>
<p>O Conselho Fiscal é constituído por três associados eleitos por um período de três anos.</p>
<p>A atual Mesa da Assembleia Geral e o Conselho Fiscal foram eleitos para o triénio 2019/2022.</p>
<table style="width: 100%;" border="0">
<tbody>
<tr align="left">
<td style="width: 31.0345%;"><strong> Direção</strong></td>
<td style="width: 33.7931%;"><strong> Conselho Fiscal </strong></td>
<td style="width: 32.4138%;"><strong>Mesa da Assembleia Geral</strong></td>
</tr>
<tr>
<td style="width: 31.0345%;"><strong>Presidente</strong></td>
<td style="width: 33.7931%;"><strong>Presidente</strong></td>
<td style="width: 32.4138%;"><strong>Presidente </strong></td>
</tr>
<tr>
<td style="width: 31.0345%;"><span style="color: #333333;">Lurdes Figueiral</span></td>
<td style="width: 33.7931%;"><span style="color: #333333;">Paulo Teixeira de Sousa</span></td>
<td style="width: 32.4138%;"><span style="color: #333333;">Paulo Correia</span></td>
<td style="width: 0.689655%;"></td>
</tr>
<tr>
<td style="width: 31.0345%;"><strong>Vice-Presidentes</strong></td>
<td style="width: 33.7931%;"><strong>Vogais</strong></td>
<td style="width: 32.4138%;"><strong>Vogais</strong></td>
<td style="width: 0.689655%;"></td>
</tr>
<tr>
<td style="width: 31.0345%;"><span style="color: #333333;">Renata Carvalho</span></p>
<p><span style="color: #333333;">Lucília Teles</span></td>
<td style="width: 33.7931%;"><span style="color: #333333;">Alberto Martins Teixeira</span></p>
<p><span style="color: #333333;">Isabel Maria Hortas</span></td>
<td style="width: 32.4138%;"><span style="color: #333333;">Joaquim Félix</span></p>
<p><span style="color: #333333;">Rui Gonçalo Espadeiro</span></td>
<td style="width: 0.689655%;"></td>
</tr>
<tr>
<td style="width: 31.0345%;"><strong>Vogais</strong></td>
<td style="width: 33.7931%;"></td>
<td style="width: 32.4138%;"></td>
<td style="width: 0.689655%;"></td>
</tr>
<tr>
<td style="width: 31.0345%;"><span style="color: #333333;">Fátima Freitas</span></p>
<p><span style="color: #333333;">João Carlos Terroso</span></p>
<p><span style="color: #333333;">Letícia Martins</span></p>
<p><span style="color: #333333;">Lígia Carvalho</span></p>
<p><span style="color: #333333;">Margarida Rodrigues</span></p>
<p><span style="color: #333333;">Sandra Nobre</span></td>
</tr>
</tbody>
</table>
<p>contacto: direccao@apm.pt</p>

<p>A Direção da Associação de Professores de Matemática é constituída por nove professores de todos os níveis de ensino, eleitos por um período de três anos. São renovados alternadamente quatro ou cinco membros da Direcção. Aqui pode consultar o  Regulamento Eleitoral. De Julho de 2019 a Julho de 2020 a composição da Direção é a [&hellip;]</p>
