{"id":1217,"date":"2018-05-30T15:10:04","date_gmt":"2018-05-30T14:10:04","guid":{"rendered":"https:\/\/wordpress.apm.pt\/?page_id=1217"},"modified":"2018-06-01T01:21:10","modified_gmt":"2018-06-01T00:21:10","slug":"politica-de-privacidade","status":"publish","type":"page","link":"https:\/\/wordpress.apm.pt\/?page_id=1217","title":{"rendered":"Pol\u00edtica de Privacidade"},"content":{"rendered":"<section class=\"margin-bottom\">\n<div class=\"container\">\n<div class=\"row col-lg-12\">\n<p>A prote\u00e7\u00e3o dos dados pessoais de todas as pessoas que se relacionam com a Associa\u00e7\u00e3o de Professores de Matem\u00e1tica (APM) constitui um compromisso fundamental para a nossa institui\u00e7\u00e3o.<\/p>\n<p>Assim, nos termos da nova Lei de Prote\u00e7\u00e3o de Dados Pessoais (RGPD), garantimos ao titular dos dados o direito de acesso, atualiza\u00e7\u00e3o, retifica\u00e7\u00e3o, limita\u00e7\u00e3o, oposi\u00e7\u00e3o, portabilidade ou esquecimento dos seus dados pessoais, a qualquer momento. Para isso, basta que nos informe atrav\u00e9s de qualquer um dos seguintes meios:<\/p>\n<p><strong>E-mail:<\/strong> dpo@apm.pt<br \/>\n<strong>Correio:<\/strong> Associa\u00e7\u00e3o de Professores de Matem\u00e1tica, Rua Dr. Jo\u00e3o Couto 27 &#8211; A, 1500-236 Lisboa.<\/p>\n<p>Ao enviar informa\u00e7\u00e3o para a APM est\u00e1 a autorizar, livre e voluntariamente, a sua integra\u00e7\u00e3o na nossa base de dados e a sua utiliza\u00e7\u00e3o de acordo com os princ\u00edpios da nossa Pol\u00edtica de Privacidade.<\/p>\n<p>A comunica\u00e7\u00e3o dos seus dados pessoais n\u00e3o constitui uma obriga\u00e7\u00e3o legal, mas a mesma \u00e9 necess\u00e1ria para a realiza\u00e7\u00e3o dos fins para que os mesmos s\u00e3o solicitados. Recolhemos apenas os dados pertinentes e necess\u00e1rios em rela\u00e7\u00e3o \u00e0 finalidade para que foram recolhidos.<\/p>\n<p>A base de dados da APM \u00e9 constitu\u00edda exclusivamente com dados prestados pelos pr\u00f3prios na altura do seu registo.<\/p>\n<p><strong>Que tipo de informa\u00e7\u00e3o coletamos?<\/strong><br \/>\nColetamos informa\u00e7\u00f5es pessoais como nome, e-mail, contactos, N\u00famero de Cart\u00e3o de Cidad\u00e3o\/Bilhete de identidade, NIF ou profiss\u00e3o na sua afilia\u00e7\u00e3o enquanto associado APM, na sua inscri\u00e7\u00e3o em atividades ou forma\u00e7\u00f5es organizadas pela APM ou porque aderiu \u00e0 nossa newsletter.<\/p>\n<p>&nbsp;<\/p>\n<p><strong>Como usamos os seus dados pessoais?<\/strong><br \/>\nUtilizamos os seus dados exclusivamente para as finalidades previamente definidas aquando da sua ades\u00e3o.\u00a0 A APM n\u00e3o fornece dados a terceiros.<br \/>\nPodemos ser obrigados a arquivar os seus dados pessoais, mesmo depois de solicitar o seu esquecimento, exclusivamente para dar cumprimento a requisitos legais. Logo ap\u00f3s esse per\u00edodo, os seus dados ser\u00e3o eliminados.<\/p>\n<p><strong>Como protegemos a sua informa\u00e7\u00e3o?<\/strong><br \/>\nA transmiss\u00e3o de dados pessoais nas \u00e1reas reservadas \u00e9 privada e segura, sendo cifrada usando chaves. A autenticidade do servidor \u00e9 assegurada atrav\u00e9s de um Certificado Digital de 2048 bits, assinado por uma entidade terceira confi\u00e1vel e reconhecida por todos browsers. Usamos tecnologia segura durante as comunica\u00e7\u00f5es.<br \/>\nValorizamos a seguran\u00e7a e a confidencialidade dos dados pessoais que partilha connosco. O acesso aos seus dados est\u00e1 limitado \u00e0s pessoas que deles necessitam para efetuar o seu trabalho.<\/p>\n<p>&nbsp;<\/p>\n<\/div>\n<\/div>\n<\/section>\n","protected":false},"excerpt":{"rendered":"<p>A prote\u00e7\u00e3o dos dados pessoais de todas as pessoas que se relacionam com a Associa\u00e7\u00e3o de Professores de Matem\u00e1tica (APM) constitui um compromisso fundamental para a nossa institui\u00e7\u00e3o. Assim, nos termos da nova Lei de Prote\u00e7\u00e3o de Dados Pessoais (RGPD), garantimos ao titular dos dados o direito de acesso, atualiza\u00e7\u00e3o, retifica\u00e7\u00e3o, limita\u00e7\u00e3o, oposi\u00e7\u00e3o, portabilidade ou [&hellip;]<\/p>\n","protected":false},"author":1,"featured_media":0,"parent":0,"menu_order":0,"comment_status":"closed","ping_status":"closed","template":"","meta":{"_monsterinsights_skip_tracking":false,"_monsterinsights_sitenote_active":false,"_monsterinsights_sitenote_note":"","_monsterinsights_sitenote_category":0,"jetpack_post_was_ever_published":false,"footnotes":""},"class_list":["post-1217","page","type-page","status-publish","hentry"],"jetpack_sharing_enabled":true,"jetpack_shortlink":"https:\/\/wp.me\/P8Nl6b-jD","jetpack-related-posts":[],"_links":{"self":[{"href":"https:\/\/wordpress.apm.pt\/index.php?rest_route=\/wp\/v2\/pages\/1217","targetHints":{"allow":["GET"]}}],"collection":[{"href":"https:\/\/wordpress.apm.pt\/index.php?rest_route=\/wp\/v2\/pages"}],"about":[{"href":"https:\/\/wordpress.apm.pt\/index.php?rest_route=\/wp\/v2\/types\/page"}],"author":[{"embeddable":true,"href":"https:\/\/wordpress.apm.pt\/index.php?rest_route=\/wp\/v2\/users\/1"}],"replies":[{"embeddable":true,"href":"https:\/\/wordpress.apm.pt\/index.php?rest_route=%2Fwp%2Fv2%2Fcomments&post=1217"}],"version-history":[{"count":5,"href":"https:\/\/wordpress.apm.pt\/index.php?rest_route=\/wp\/v2\/pages\/1217\/revisions"}],"predecessor-version":[{"id":1227,"href":"https:\/\/wordpress.apm.pt\/index.php?rest_route=\/wp\/v2\/pages\/1217\/revisions\/1227"}],"wp:attachment":[{"href":"https:\/\/wordpress.apm.pt\/index.php?rest_route=%2Fwp%2Fv2%2Fmedia&parent=1217"}],"curies":[{"name":"wp","href":"https:\/\/api.w.org\/{rel}","templated":true}]}}

Política de Privacidade

<section class="margin-bottom">
<div class="container">
<div class="row col-lg-12">
<p>A proteção dos dados pessoais de todas as pessoas que se relacionam com a Associação de Professores de Matemática (APM) constitui um compromisso fundamental para a nossa instituição.</p>
<p>Assim, nos termos da nova Lei de Proteção de Dados Pessoais (RGPD), garantimos ao titular dos dados o direito de acesso, atualização, retificação, limitação, oposição, portabilidade ou esquecimento dos seus dados pessoais, a qualquer momento. Para isso, basta que nos informe através de qualquer um dos seguintes meios:</p>
<p><strong>E-mail:</strong> dpo@apm.pt<br />
<strong>Correio:</strong> Associação de Professores de Matemática, Rua Dr. João Couto 27 &#8211; A, 1500-236 Lisboa.</p>
<p>Ao enviar informação para a APM está a autorizar, livre e voluntariamente, a sua integração na nossa base de dados e a sua utilização de acordo com os princípios da nossa Política de Privacidade.</p>
<p>A comunicação dos seus dados pessoais não constitui uma obrigação legal, mas a mesma é necessária para a realização dos fins para que os mesmos são solicitados. Recolhemos apenas os dados pertinentes e necessários em relação à finalidade para que foram recolhidos.</p>
<p>A base de dados da APM é constituída exclusivamente com dados prestados pelos próprios na altura do seu registo.</p>
<p><strong>Que tipo de informação coletamos?</strong><br />
Coletamos informações pessoais como nome, e-mail, contactos, Número de Cartão de Cidadão/Bilhete de identidade, NIF ou profissão na sua afiliação enquanto associado APM, na sua inscrição em atividades ou formações organizadas pela APM ou porque aderiu à nossa newsletter.</p>
<p>&nbsp;</p>
<p><strong>Como usamos os seus dados pessoais?</strong><br />
Utilizamos os seus dados exclusivamente para as finalidades previamente definidas aquando da sua adesão.  A APM não fornece dados a terceiros.<br />
Podemos ser obrigados a arquivar os seus dados pessoais, mesmo depois de solicitar o seu esquecimento, exclusivamente para dar cumprimento a requisitos legais. Logo após esse período, os seus dados serão eliminados.</p>
<p><strong>Como protegemos a sua informação?</strong><br />
A transmissão de dados pessoais nas áreas reservadas é privada e segura, sendo cifrada usando chaves. A autenticidade do servidor é assegurada através de um Certificado Digital de 2048 bits, assinado por uma entidade terceira confiável e reconhecida por todos browsers. Usamos tecnologia segura durante as comunicações.<br />
Valorizamos a segurança e a confidencialidade dos dados pessoais que partilha connosco. O acesso aos seus dados está limitado às pessoas que deles necessitam para efetuar o seu trabalho.</p>
<p>&nbsp;</p>
</div>
</div>
</section>

<p>A proteção dos dados pessoais de todas as pessoas que se relacionam com a Associação de Professores de Matemática (APM) constitui um compromisso fundamental para a nossa instituição. Assim, nos termos da nova Lei de Proteção de Dados Pessoais (RGPD), garantimos ao titular dos dados o direito de acesso, atualização, retificação, limitação, oposição, portabilidade ou [&hellip;]</p>
