{"id":138,"date":"2017-07-22T18:23:17","date_gmt":"2017-07-22T18:23:17","guid":{"rendered":"https:\/\/wordpress.apm.pt\/?page_id=138"},"modified":"2018-10-17T11:59:29","modified_gmt":"2018-10-17T10:59:29","slug":"protocolos","status":"publish","type":"page","link":"https:\/\/wordpress.apm.pt\/?page_id=138","title":{"rendered":"Protocolos"},"content":{"rendered":"<p>&nbsp;<\/p>\n<p>A APM tem vindo a assinar protocolos com institui\u00e7\u00f5es de diferentes \u00e1reas e nacionalidades com o objetivo de trocar experi\u00eancias e colaborar em iniciativas de interesse comum e, por vezes, tamb\u00e9m com o intuito de proporcionar aos seus associados condi\u00e7\u00f5es preferenciais na aquisi\u00e7\u00e3o de bens e servi\u00e7os.<\/p>\n<p>Neste momento est\u00e3o ativos protocolos que visam sobretudo a implementa\u00e7\u00e3o e desenvolvimento de forma\u00e7\u00e3o, com as seguintes institui\u00e7\u00f5es:<\/p>\n<p><a href=\"http:\/\/www.dge.mec.pt\/\">Dire\u00e7\u00e3o Geral da Educa\u00e7\u00e3o, ME<\/a><\/p>\n<p><a href=\"http:\/\/www.ie.ulisboa.pt\/\">Instituto de Educa\u00e7\u00e3o da Universidade de Lisboa<\/a><\/p>\n<p><a href=\"https:\/\/www.fc.up.pt\/fcup\/index.php\">Faculdade de Ci\u00eancias da Universidade do Porto<\/a><\/p>\n<p><a href=\"http:\/\/spiem.pt\/\">Sociedade Portuguesa de Investiga\u00e7\u00e3o em Educa\u00e7\u00e3o Matem\u00e1tica (SPIEM)<\/a><\/p>\n<p><a href=\"https:\/\/pt-pt.khanacademy.org\/\">Funda\u00e7\u00e3o PT (Plataforma Khan Academy)<\/a><\/p>\n<p><a href=\"https:\/\/education.ti.com\/pt\">Texas Instruments Portugal (Grupo T<sup>3<\/sup>)<\/a><\/p>\n<p><a href=\"https:\/\/www.casio-europe.com\/pt\/\">Casio Portugal (Grupo Casio+)<\/a><\/p>\n<p><a href=\"http:\/\/www.fespm.es\/\">Federaci\u00f3n Espa\u00f1ola de Sociedades de Profesores de Matem\u00e1ticas (FISEM)<\/a><\/p>\n<p><a href=\"http:\/\/www.agapema.org\/\">Asociaci\u00f3n Galega do Profesorado de Educaci\u00f3n Matem\u00e1tica (AGAPEMA)<\/a><\/p>\n<p>Diversos Centros de Forma\u00e7\u00e3o de Associa\u00e7\u00f5es de Escolas<\/p>\n<p style=\"padding-left: 60px;\">\n","protected":false},"excerpt":{"rendered":"<p>&nbsp; A APM tem vindo a assinar protocolos com institui\u00e7\u00f5es de diferentes \u00e1reas e nacionalidades com o objetivo de trocar experi\u00eancias e colaborar em iniciativas de interesse comum e, por vezes, tamb\u00e9m com o intuito de proporcionar aos seus associados condi\u00e7\u00f5es preferenciais na aquisi\u00e7\u00e3o de bens e servi\u00e7os. Neste momento est\u00e3o ativos protocolos que visam [&hellip;]<\/p>\n","protected":false},"author":1,"featured_media":0,"parent":0,"menu_order":0,"comment_status":"closed","ping_status":"closed","template":"fullwidth.php","meta":{"_monsterinsights_skip_tracking":false,"_monsterinsights_sitenote_active":false,"_monsterinsights_sitenote_note":"","_monsterinsights_sitenote_category":0,"jetpack_post_was_ever_published":false,"footnotes":""},"class_list":["post-138","page","type-page","status-publish","hentry"],"jetpack_sharing_enabled":true,"jetpack_shortlink":"https:\/\/wp.me\/P8Nl6b-2e","jetpack-related-posts":[],"_links":{"self":[{"href":"https:\/\/wordpress.apm.pt\/index.php?rest_route=\/wp\/v2\/pages\/138","targetHints":{"allow":["GET"]}}],"collection":[{"href":"https:\/\/wordpress.apm.pt\/index.php?rest_route=\/wp\/v2\/pages"}],"about":[{"href":"https:\/\/wordpress.apm.pt\/index.php?rest_route=\/wp\/v2\/types\/page"}],"author":[{"embeddable":true,"href":"https:\/\/wordpress.apm.pt\/index.php?rest_route=\/wp\/v2\/users\/1"}],"replies":[{"embeddable":true,"href":"https:\/\/wordpress.apm.pt\/index.php?rest_route=%2Fwp%2Fv2%2Fcomments&post=138"}],"version-history":[{"count":10,"href":"https:\/\/wordpress.apm.pt\/index.php?rest_route=\/wp\/v2\/pages\/138\/revisions"}],"predecessor-version":[{"id":1501,"href":"https:\/\/wordpress.apm.pt\/index.php?rest_route=\/wp\/v2\/pages\/138\/revisions\/1501"}],"wp:attachment":[{"href":"https:\/\/wordpress.apm.pt\/index.php?rest_route=%2Fwp%2Fv2%2Fmedia&parent=138"}],"curies":[{"name":"wp","href":"https:\/\/api.w.org\/{rel}","templated":true}]}}