{"id":150,"date":"2017-07-22T18:34:25","date_gmt":"2017-07-22T18:34:25","guid":{"rendered":"https:\/\/wordpress.apm.pt\/?page_id=150"},"modified":"2018-01-17T13:59:53","modified_gmt":"2018-01-17T13:59:53","slug":"representacoes","status":"publish","type":"page","link":"https:\/\/wordpress.apm.pt\/?page_id=150","title":{"rendered":"Representa\u00e7\u00f5es"},"content":{"rendered":"<p>Actualmente, a Associa\u00e7\u00e3o de Professores de Matem\u00e1tica tem representantes:<\/p>\n<ul>\n<li>no Conselho Cient\u00edfico do Instituto de Avalia\u00e7\u00e3o Educativa (<a href=\"http:\/\/www.gave.min-edu.pt\/np3\/destaques\" target=\"_blank\" rel=\"noopener\">IAVE, IP<\/a>)<\/li>\n<li>no Conselho Nacional de Educa\u00e7\u00e3o (<a href=\"http:\/\/www.cnedu.pt\/\">CNE<\/a>)<\/li>\n<li>no Pr\u00e9mio Nacional Pedro Nunes<\/li>\n<\/ul>\n<p>&nbsp;<\/p>\n","protected":false},"excerpt":{"rendered":"<p>Actualmente, a Associa\u00e7\u00e3o de Professores de Matem\u00e1tica tem representantes: no Conselho Cient\u00edfico do Instituto de Avalia\u00e7\u00e3o Educativa (IAVE, IP) no Conselho Nacional de Educa\u00e7\u00e3o (CNE) no Pr\u00e9mio Nacional Pedro Nunes &nbsp;<\/p>\n","protected":false},"author":1,"featured_media":0,"parent":0,"menu_order":0,"comment_status":"closed","ping_status":"closed","template":"fullwidth.php","meta":{"_monsterinsights_skip_tracking":false,"_monsterinsights_sitenote_active":false,"_monsterinsights_sitenote_note":"","_monsterinsights_sitenote_category":0,"jetpack_post_was_ever_published":false,"footnotes":""},"class_list":["post-150","page","type-page","status-publish","hentry"],"jetpack_sharing_enabled":true,"jetpack_shortlink":"https:\/\/wp.me\/P8Nl6b-2q","jetpack-related-posts":[],"_links":{"self":[{"href":"https:\/\/wordpress.apm.pt\/index.php?rest_route=\/wp\/v2\/pages\/150","targetHints":{"allow":["GET"]}}],"collection":[{"href":"https:\/\/wordpress.apm.pt\/index.php?rest_route=\/wp\/v2\/pages"}],"about":[{"href":"https:\/\/wordpress.apm.pt\/index.php?rest_route=\/wp\/v2\/types\/page"}],"author":[{"embeddable":true,"href":"https:\/\/wordpress.apm.pt\/index.php?rest_route=\/wp\/v2\/users\/1"}],"replies":[{"embeddable":true,"href":"https:\/\/wordpress.apm.pt\/index.php?rest_route=%2Fwp%2Fv2%2Fcomments&post=150"}],"version-history":[{"count":4,"href":"https:\/\/wordpress.apm.pt\/index.php?rest_route=\/wp\/v2\/pages\/150\/revisions"}],"predecessor-version":[{"id":944,"href":"https:\/\/wordpress.apm.pt\/index.php?rest_route=\/wp\/v2\/pages\/150\/revisions\/944"}],"wp:attachment":[{"href":"https:\/\/wordpress.apm.pt\/index.php?rest_route=%2Fwp%2Fv2%2Fmedia&parent=150"}],"curies":[{"name":"wp","href":"https:\/\/api.w.org\/{rel}","templated":true}]}}

Representações

<p>Actualmente, a Associação de Professores de Matemática tem representantes:</p>
<ul>
<li>no Conselho Científico do Instituto de Avaliação Educativa (<a href="http://www.gave.min-edu.pt/np3/destaques" target="_blank" rel="noopener">IAVE, IP</a>)</li>
<li>no Conselho Nacional de Educação (<a href="http://www.cnedu.pt/">CNE</a>)</li>
<li>no Prémio Nacional Pedro Nunes</li>
</ul>
<p>&nbsp;</p>

<p>Actualmente, a Associação de Professores de Matemática tem representantes: no Conselho Científico do Instituto de Avaliação Educativa (IAVE, IP) no Conselho Nacional de Educação (CNE) no Prémio Nacional Pedro Nunes &nbsp;</p>
