{"id":165,"date":"2017-07-22T19:17:13","date_gmt":"2017-07-22T19:17:13","guid":{"rendered":"https:\/\/wordpress.apm.pt\/?page_id=165"},"modified":"2018-01-17T14:12:26","modified_gmt":"2018-01-17T14:12:26","slug":"filiacoes","status":"publish","type":"page","link":"https:\/\/wordpress.apm.pt\/?page_id=165","title":{"rendered":"Filia\u00e7\u00f5es"},"content":{"rendered":"<p><a href=\"http:\/\/www.atractor.pt\">ATRACTOR<\/a> &#8211; \u00a0Atractor \u00e9 uma abreviatura do nome de uma Associa\u00e7\u00e3o cultural de direito privado, sem fins lucrativos. Sinteticamente, poder-se-\u00e1 dizer que um dos principais objectivos do Atractor \u00e9 &#8230; atrair para a matem\u00e1tica! O Atractor, apoiado pela Faculdade de Ci\u00eancias do Porto e a Universidade do Porto, nomeadamente atrav\u00e9s da ced\u00eancia de instala\u00e7\u00f5es, integra outras institui\u00e7\u00f5es e tem contado desde o in\u00edcio com o apoio da Associa\u00e7\u00e3o dos Professores de Matem\u00e1tica, que tem estado sempre representada na sua direc\u00e7\u00e3o.<\/p>\n<p>Sendo um projecto aberto a toda a comunidade matem\u00e1tica, o Atractor convida todos os interessados neste projecto, nomeadamente professores de matem\u00e1tica de todos os graus de ensino, a participar activamente nos seus trabalhos<\/p>\n<p>Duas das datas marcantes na vida do Atractor s\u00e3o a da reuni\u00e3o onde a sua constitui\u00e7\u00e3o foi decidida (Setembro de 1998) e a da escritura de constitui\u00e7\u00e3o da Associa\u00e7\u00e3o (Abril de 1999).<\/p>\n<p>&nbsp;<\/p>\n<p><img loading=\"lazy\" decoding=\"async\" data-attachment-id=\"166\" data-permalink=\"https:\/\/wordpress.apm.pt\/?attachment_id=166\" data-orig-file=\"https:\/\/wordpress.apm.pt\/wp-content\/uploads\/2017\/07\/Logo_atractor.jpg\" data-orig-size=\"355,323\" data-comments-opened=\"1\" data-image-meta=\"{&quot;aperture&quot;:&quot;0&quot;,&quot;credit&quot;:&quot;&quot;,&quot;camera&quot;:&quot;&quot;,&quot;caption&quot;:&quot;&quot;,&quot;created_timestamp&quot;:&quot;0&quot;,&quot;copyright&quot;:&quot;&quot;,&quot;focal_length&quot;:&quot;0&quot;,&quot;iso&quot;:&quot;0&quot;,&quot;shutter_speed&quot;:&quot;0&quot;,&quot;title&quot;:&quot;&quot;,&quot;orientation&quot;:&quot;0&quot;}\" data-image-title=\"Logo_atractor\" data-image-description=\"\" data-image-caption=\"\" data-large-file=\"https:\/\/wordpress.apm.pt\/wp-content\/uploads\/2017\/07\/Logo_atractor.jpg\" class=\"size-medium wp-image-166 aligncenter\" src=\"https:\/\/wordpress.apm.pt\/wp-content\/uploads\/2017\/07\/Logo_atractor-300x273.jpg\" alt=\"\" width=\"300\" height=\"273\" srcset=\"https:\/\/wordpress.apm.pt\/wp-content\/uploads\/2017\/07\/Logo_atractor.jpg 300w, https:\/\/wordpress.apm.pt\/wp-content\/uploads\/2017\/07\/Logo_atractor.jpg 355w\" sizes=\"auto, (max-width: 300px) 100vw, 300px\" \/><\/p>\n<p>&nbsp;<\/p>\n<hr \/>\n<p>&nbsp;<\/p>\n<p><a href=\"http:\/\/www.fisem.org\/paginas\/fisem\/informacion.php\">FISEM <\/a>&#8211; Federaci\u00f3n Iberoamericana de Sociedades de Educaci\u00f3n Matem\u00e1tica para a promo\u00e7\u00e3o do interc\u00e2mbio de experi\u00eancias e informa\u00e7\u00f5es que nos permitam melhorar o ensino e a aprendizagem Matem\u00e1tica em todos os n\u00edveis e em todos pa\u00edses que comp\u00f5em a comunidade ibero americana.<\/p>\n<p>&nbsp;<\/p>\n<p><img loading=\"lazy\" decoding=\"async\" data-attachment-id=\"167\" data-permalink=\"https:\/\/wordpress.apm.pt\/?attachment_id=167\" data-orig-file=\"https:\/\/wordpress.apm.pt\/wp-content\/uploads\/2017\/07\/Logo_fisem.jpg\" data-orig-size=\"201,175\" data-comments-opened=\"1\" data-image-meta=\"{&quot;aperture&quot;:&quot;0&quot;,&quot;credit&quot;:&quot;&quot;,&quot;camera&quot;:&quot;&quot;,&quot;caption&quot;:&quot;&quot;,&quot;created_timestamp&quot;:&quot;0&quot;,&quot;copyright&quot;:&quot;&quot;,&quot;focal_length&quot;:&quot;0&quot;,&quot;iso&quot;:&quot;0&quot;,&quot;shutter_speed&quot;:&quot;0&quot;,&quot;title&quot;:&quot;&quot;,&quot;orientation&quot;:&quot;0&quot;}\" data-image-title=\"Logo_fisem\" data-image-description=\"\" data-image-caption=\"\" data-large-file=\"https:\/\/wordpress.apm.pt\/wp-content\/uploads\/2017\/07\/Logo_fisem.jpg\" class=\"size-full wp-image-167 aligncenter\" src=\"https:\/\/wordpress.apm.pt\/wp-content\/uploads\/2017\/07\/Logo_fisem.jpg\" alt=\"\" width=\"201\" height=\"175\" \/><\/p>\n<p>&nbsp;<\/p>\n<hr \/>\n<p><a href=\"https:\/\/www.facebook.com\/emelportuguesa\/\">EMELP<\/a> \u2013 O Espa\u00e7o Matem\u00e1tico em L\u00edngua Portuguesa \u2013 EmeLP \u00e9 uma organiza\u00e7\u00e3o internacional, filiada \u00e0 International Commission on Mathematical Instruction \u2013 ICMI, que congrega os pa\u00edses e comunidades de l\u00edngua portuguesa, e visa ao interc\u00e2mbio de projetos, a\u00e7\u00f5es e iniciativas em ensino de matem\u00e1tica, matem\u00e1tica interdisciplinar, divulga\u00e7\u00e3o da matem\u00e1tica, manifesta\u00e7\u00f5es culturais matem\u00e1ticas<\/p>\n","protected":false},"excerpt":{"rendered":"<p>ATRACTOR &#8211; \u00a0Atractor \u00e9 uma abreviatura do nome de uma Associa\u00e7\u00e3o cultural de direito privado, sem fins lucrativos. Sinteticamente, poder-se-\u00e1 dizer que um dos principais objectivos do Atractor \u00e9 &#8230; atrair para a matem\u00e1tica! O Atractor, apoiado pela Faculdade de Ci\u00eancias do Porto e a Universidade do Porto, nomeadamente atrav\u00e9s da ced\u00eancia de instala\u00e7\u00f5es, integra [&hellip;]<\/p>\n","protected":false},"author":1,"featured_media":0,"parent":0,"menu_order":0,"comment_status":"closed","ping_status":"closed","template":"fullwidth.php","meta":{"_monsterinsights_skip_tracking":false,"_monsterinsights_sitenote_active":false,"_monsterinsights_sitenote_note":"","_monsterinsights_sitenote_category":0,"jetpack_post_was_ever_published":false,"footnotes":""},"class_list":["post-165","page","type-page","status-publish","hentry"],"jetpack_sharing_enabled":true,"jetpack_shortlink":"https:\/\/wp.me\/P8Nl6b-2F","jetpack-related-posts":[],"_links":{"self":[{"href":"https:\/\/wordpress.apm.pt\/index.php?rest_route=\/wp\/v2\/pages\/165","targetHints":{"allow":["GET"]}}],"collection":[{"href":"https:\/\/wordpress.apm.pt\/index.php?rest_route=\/wp\/v2\/pages"}],"about":[{"href":"https:\/\/wordpress.apm.pt\/index.php?rest_route=\/wp\/v2\/types\/page"}],"author":[{"embeddable":true,"href":"https:\/\/wordpress.apm.pt\/index.php?rest_route=\/wp\/v2\/users\/1"}],"replies":[{"embeddable":true,"href":"https:\/\/wordpress.apm.pt\/index.php?rest_route=%2Fwp%2Fv2%2Fcomments&post=165"}],"version-history":[{"count":4,"href":"https:\/\/wordpress.apm.pt\/index.php?rest_route=\/wp\/v2\/pages\/165\/revisions"}],"predecessor-version":[{"id":948,"href":"https:\/\/wordpress.apm.pt\/index.php?rest_route=\/wp\/v2\/pages\/165\/revisions\/948"}],"wp:attachment":[{"href":"https:\/\/wordpress.apm.pt\/index.php?rest_route=%2Fwp%2Fv2%2Fmedia&parent=165"}],"curies":[{"name":"wp","href":"https:\/\/api.w.org\/{rel}","templated":true}]}}

Filiações

<p><a href="http://www.atractor.pt">ATRACTOR</a> &#8211;  Atractor é uma abreviatura do nome de uma Associação cultural de direito privado, sem fins lucrativos. Sinteticamente, poder-se-á dizer que um dos principais objectivos do Atractor é &#8230; atrair para a matemática! O Atractor, apoiado pela Faculdade de Ciências do Porto e a Universidade do Porto, nomeadamente através da cedência de instalações, integra outras instituições e tem contado desde o início com o apoio da Associação dos Professores de Matemática, que tem estado sempre representada na sua direcção.</p>
<p>Sendo um projecto aberto a toda a comunidade matemática, o Atractor convida todos os interessados neste projecto, nomeadamente professores de matemática de todos os graus de ensino, a participar activamente nos seus trabalhos</p>
<p>Duas das datas marcantes na vida do Atractor são a da reunião onde a sua constituição foi decidida (Setembro de 1998) e a da escritura de constituição da Associação (Abril de 1999).</p>
<p>&nbsp;</p>
<p><img loading="lazy" decoding="async" data-attachment-id="166" data-permalink="https://wordpress.apm.pt/?attachment_id=166" data-orig-file="https://wordpress.apm.pt/wp-content/uploads/2017/07/Logo_atractor.jpg" data-orig-size="355,323" data-comments-opened="1" data-image-meta="{&quot;aperture&quot;:&quot;0&quot;,&quot;credit&quot;:&quot;&quot;,&quot;camera&quot;:&quot;&quot;,&quot;caption&quot;:&quot;&quot;,&quot;created_timestamp&quot;:&quot;0&quot;,&quot;copyright&quot;:&quot;&quot;,&quot;focal_length&quot;:&quot;0&quot;,&quot;iso&quot;:&quot;0&quot;,&quot;shutter_speed&quot;:&quot;0&quot;,&quot;title&quot;:&quot;&quot;,&quot;orientation&quot;:&quot;0&quot;}" data-image-title="Logo_atractor" data-image-description="" data-image-caption="" data-large-file="https://wordpress.apm.pt/wp-content/uploads/2017/07/Logo_atractor.jpg" class="size-medium wp-image-166 aligncenter" src="https://wordpress.apm.pt/wp-content/uploads/2017/07/Logo_atractor-300x273.jpg" alt="" width="300" height="273" srcset="https://wordpress.apm.pt/wp-content/uploads/2017/07/Logo_atractor.jpg 300w, https://wordpress.apm.pt/wp-content/uploads/2017/07/Logo_atractor.jpg 355w" sizes="auto, (max-width: 300px) 100vw, 300px" /></p>
<p>&nbsp;</p>
<hr />
<p>&nbsp;</p>
<p><a href="http://www.fisem.org/paginas/fisem/informacion.php">FISEM </a>&#8211; Federación Iberoamericana de Sociedades de Educación Matemática para a promoção do intercâmbio de experiências e informações que nos permitam melhorar o ensino e a aprendizagem Matemática em todos os níveis e em todos países que compõem a comunidade ibero americana.</p>
<p>&nbsp;</p>
<p><img loading="lazy" decoding="async" data-attachment-id="167" data-permalink="https://wordpress.apm.pt/?attachment_id=167" data-orig-file="https://wordpress.apm.pt/wp-content/uploads/2017/07/Logo_fisem.jpg" data-orig-size="201,175" data-comments-opened="1" data-image-meta="{&quot;aperture&quot;:&quot;0&quot;,&quot;credit&quot;:&quot;&quot;,&quot;camera&quot;:&quot;&quot;,&quot;caption&quot;:&quot;&quot;,&quot;created_timestamp&quot;:&quot;0&quot;,&quot;copyright&quot;:&quot;&quot;,&quot;focal_length&quot;:&quot;0&quot;,&quot;iso&quot;:&quot;0&quot;,&quot;shutter_speed&quot;:&quot;0&quot;,&quot;title&quot;:&quot;&quot;,&quot;orientation&quot;:&quot;0&quot;}" data-image-title="Logo_fisem" data-image-description="" data-image-caption="" data-large-file="https://wordpress.apm.pt/wp-content/uploads/2017/07/Logo_fisem.jpg" class="size-full wp-image-167 aligncenter" src="https://wordpress.apm.pt/wp-content/uploads/2017/07/Logo_fisem.jpg" alt="" width="201" height="175" /></p>
<p>&nbsp;</p>
<hr />
<p><a href="https://www.facebook.com/emelportuguesa/">EMELP</a> – O Espaço Matemático em Língua Portuguesa – EmeLP é uma organização internacional, filiada à International Commission on Mathematical Instruction – ICMI, que congrega os países e comunidades de língua portuguesa, e visa ao intercâmbio de projetos, ações e iniciativas em ensino de matemática, matemática interdisciplinar, divulgação da matemática, manifestações culturais matemáticas</p>

<p>ATRACTOR &#8211;  Atractor é uma abreviatura do nome de uma Associação cultural de direito privado, sem fins lucrativos. Sinteticamente, poder-se-á dizer que um dos principais objectivos do Atractor é &#8230; atrair para a matemática! O Atractor, apoiado pela Faculdade de Ciências do Porto e a Universidade do Porto, nomeadamente através da cedência de instalações, integra [&hellip;]</p>
