{"id":1717,"date":"2019-02-04T17:32:57","date_gmt":"2019-02-04T17:32:57","guid":{"rendered":"https:\/\/wordpress.apm.pt\/?page_id=1717"},"modified":"2019-02-04T17:40:21","modified_gmt":"2019-02-04T17:40:21","slug":"milage-aprender","status":"publish","type":"page","link":"https:\/\/wordpress.apm.pt\/?page_id=1717","title":{"rendered":"MILAGE APRENDER +"},"content":{"rendered":"\n<p>A Universidade do Algarve desenvolveu a aplica\u00e7\u00e3o MILAGE APRENDER+, no decurso de um projeto do programa ERASMUS+, para potenciar a aprendizagem m\u00f3vel e motivar os alunos para uma aprendizagem inovadora, mais adequada \u00e0s suas necessidades atuais. O seu modelo pedag\u00f3gico tem por base motivar os alunos atrav\u00e9s da gamifica\u00e7\u00e3o, estimular a autonomia e diferentes estilos de aprendizagem dos alunos atrav\u00e9s de um esquema de autoavalia\u00e7\u00e3o e de avalia\u00e7\u00e3o por pares,<br>promover uma aprendizagem mais interativa adaptada \u00e0s suas necessidades individuais pela inclus\u00e3o de materiais e ajudas diversificadas, e assegurar que todos os alunos tenham acesso a uma base comum de conhecimento de qualidade.<br><\/p>\n\n\n\n<p>Celebr\u00e1mos parcerias com a (i) DGE, para que a app MILAGE APRENDER+ seja usada em todas as escolas do pa\u00eds; (ii) Alto Comiss\u00e1rio para as Migra\u00e7\u00f5es, para apoiar os jovens do programa escolhas; e (iii) com a Associa\u00e7\u00e3o de Professores de Matem\u00e1tica, para melhorar a aprendizagem matem\u00e1tica e motivar mais alunos a seguirem percursos escolares nas \u00e1reas STEM e apoiar a forma\u00e7\u00e3o de professores na utiliza\u00e7\u00e3o desta aplica\u00e7\u00e3o.<\/p>\n\n\n\n<p>Neste momento, s\u00e3o mais de 15 000 alunos inscritos e mais de 100 professores est\u00e3o em forma\u00e7\u00e3o.<br>Com a colabora\u00e7\u00e3o de muitos professores, esta comunidade de colabora\u00e7\u00e3o e partilha disponibiliza gratuitamente recursos do 1.\u00ba ao 12.\u00ba ano de matem\u00e1tica, come\u00e7ando a estender-se agora a todas as disciplinas, com maior incid\u00eancia no Ingl\u00eas e Portugu\u00eas<\/p>\n\n\n\n<p>Pode assistir <a href=\"https:\/\/www.youtube.com\/watch?v=lxCyTKvV7iE&amp;feature=youtu.be\" target=\"_blank\" rel=\"noreferrer noopener\" aria-label=\" (opens in a new tab)\">aqui<\/a> a um v\u00eddeo sobre suas funcionalidades, ver um tutorial sobre a utiliza\u00e7\u00e3o da app MILAGE APRENDER + <a href=\"https:\/\/youtu.be\/P1l-6hKCbKU\">aqui<\/a> e pode ainda acompanhar as nossas atividades <a rel=\"noreferrer noopener\" aria-label=\" (opens in a new tab)\" href=\"https:\/\/www.facebook.com\/1732506530347049\/posts\/2125943061003392\/\" target=\"_blank\">aqui<\/a>.<\/p>\n\n\n\n<div class=\"wp-block-image\"><figure class=\"aligncenter\"><img loading=\"lazy\" decoding=\"async\" width=\"720\" height=\"1040\" data-attachment-id=\"1719\" data-permalink=\"https:\/\/wordpress.apm.pt\/?attachment_id=1719\" data-orig-file=\"https:\/\/wordpress.apm.pt\/wp-content\/uploads\/2019\/02\/Milage.jpg\" data-orig-size=\"720,1040\" data-comments-opened=\"1\" data-image-meta=\"{&quot;aperture&quot;:&quot;0&quot;,&quot;credit&quot;:&quot;&quot;,&quot;camera&quot;:&quot;&quot;,&quot;caption&quot;:&quot;&quot;,&quot;created_timestamp&quot;:&quot;0&quot;,&quot;copyright&quot;:&quot;&quot;,&quot;focal_length&quot;:&quot;0&quot;,&quot;iso&quot;:&quot;0&quot;,&quot;shutter_speed&quot;:&quot;0&quot;,&quot;title&quot;:&quot;&quot;,&quot;orientation&quot;:&quot;0&quot;}\" data-image-title=\"Milage\" data-image-description=\"\" data-image-caption=\"\" data-large-file=\"https:\/\/wordpress.apm.pt\/wp-content\/uploads\/2019\/02\/Milage.jpg\" src=\"https:\/\/i0.wp.com\/wordpress.apm.pt\/wp-content\/uploads\/2019\/02\/Milage.jpg?fit=709%2C1024&amp;ssl=1\" alt=\"\" class=\"wp-image-1719\" srcset=\"https:\/\/wordpress.apm.pt\/wp-content\/uploads\/2019\/02\/Milage.jpg 720w, https:\/\/wordpress.apm.pt\/wp-content\/uploads\/2019\/02\/Milage.jpg 208w, https:\/\/wordpress.apm.pt\/wp-content\/uploads\/2019\/02\/Milage.jpg 709w\" sizes=\"auto, (max-width: 720px) 100vw, 720px\" \/><\/figure><\/div>\n","protected":false},"excerpt":{"rendered":"<p>A Universidade do Algarve desenvolveu a aplica\u00e7\u00e3o MILAGE APRENDER+, no decurso de um projeto do programa ERASMUS+, para potenciar a aprendizagem m\u00f3vel e motivar os alunos para uma aprendizagem inovadora, mais adequada \u00e0s suas necessidades atuais. O seu modelo pedag\u00f3gico tem por base motivar os alunos atrav\u00e9s da gamifica\u00e7\u00e3o, estimular a autonomia e diferentes estilos [&hellip;]<\/p>\n","protected":false},"author":5,"featured_media":0,"parent":0,"menu_order":0,"comment_status":"closed","ping_status":"closed","template":"","meta":{"_monsterinsights_skip_tracking":false,"_monsterinsights_sitenote_active":false,"_monsterinsights_sitenote_note":"","_monsterinsights_sitenote_category":0,"jetpack_post_was_ever_published":false,"footnotes":""},"class_list":["post-1717","page","type-page","status-publish","hentry"],"jetpack_sharing_enabled":true,"jetpack_shortlink":"https:\/\/wp.me\/P8Nl6b-rH","jetpack-related-posts":[],"_links":{"self":[{"href":"https:\/\/wordpress.apm.pt\/index.php?rest_route=\/wp\/v2\/pages\/1717","targetHints":{"allow":["GET"]}}],"collection":[{"href":"https:\/\/wordpress.apm.pt\/index.php?rest_route=\/wp\/v2\/pages"}],"about":[{"href":"https:\/\/wordpress.apm.pt\/index.php?rest_route=\/wp\/v2\/types\/page"}],"author":[{"embeddable":true,"href":"https:\/\/wordpress.apm.pt\/index.php?rest_route=\/wp\/v2\/users\/5"}],"replies":[{"embeddable":true,"href":"https:\/\/wordpress.apm.pt\/index.php?rest_route=%2Fwp%2Fv2%2Fcomments&post=1717"}],"version-history":[{"count":3,"href":"https:\/\/wordpress.apm.pt\/index.php?rest_route=\/wp\/v2\/pages\/1717\/revisions"}],"predecessor-version":[{"id":1724,"href":"https:\/\/wordpress.apm.pt\/index.php?rest_route=\/wp\/v2\/pages\/1717\/revisions\/1724"}],"wp:attachment":[{"href":"https:\/\/wordpress.apm.pt\/index.php?rest_route=%2Fwp%2Fv2%2Fmedia&parent=1717"}],"curies":[{"name":"wp","href":"https:\/\/api.w.org\/{rel}","templated":true}]}}