{"id":1786,"date":"2019-03-08T22:38:09","date_gmt":"2019-03-08T22:38:09","guid":{"rendered":"https:\/\/wordpress.apm.pt\/?page_id=1786"},"modified":"2019-05-07T23:55:50","modified_gmt":"2019-05-07T22:55:50","slug":"iv-encontro-de-professores-apm-ie","status":"publish","type":"page","link":"https:\/\/wordpress.apm.pt\/?page_id=1786","title":{"rendered":"IV Encontro de Professores APM-IE"},"content":{"rendered":"\n<div class=\"wp-block-image\"><figure class=\"aligncenter is-resized\"><img loading=\"lazy\" decoding=\"async\" data-attachment-id=\"1787\" data-permalink=\"https:\/\/wordpress.apm.pt\/?attachment_id=1787\" data-orig-file=\"https:\/\/wordpress.apm.pt\/wp-content\/uploads\/2019\/03\/Folheto-APM-IE-2019-1-e1551954515643.jpg\" data-orig-size=\"360,520\" data-comments-opened=\"1\" data-image-meta=\"{&quot;aperture&quot;:&quot;0&quot;,&quot;credit&quot;:&quot;&quot;,&quot;camera&quot;:&quot;&quot;,&quot;caption&quot;:&quot;&quot;,&quot;created_timestamp&quot;:&quot;0&quot;,&quot;copyright&quot;:&quot;&quot;,&quot;focal_length&quot;:&quot;0&quot;,&quot;iso&quot;:&quot;0&quot;,&quot;shutter_speed&quot;:&quot;0&quot;,&quot;title&quot;:&quot;&quot;,&quot;orientation&quot;:&quot;0&quot;}\" data-image-title=\"Folheto APM IE 2019\" data-image-description=\"\" data-image-caption=\"\" data-medium-file=\"https:\/\/wordpress.apm.pt\/wp-content\/uploads\/2019\/03\/Folheto-APM-IE-2019-1-e1551954515643.jpg\" data-large-file=\"https:\/\/wordpress.apm.pt\/wp-content\/uploads\/2019\/03\/Folheto-APM-IE-2019-1-e1551954515643.jpg\" src=\"https:\/\/wordpress.apm.pt\/wp-content\/uploads\/2019\/03\/Folheto-APM-IE-2019-1-e1551954515643.jpg\" alt=\"\" class=\"wp-image-1787\" width=\"515\" height=\"744\"\/><\/figure><\/div>\n\n\n\n<h2 class=\"wp-block-heading\"><strong>Apresenta\u00e7\u00e3o do Encontro<\/strong><\/h2>\n\n\n\n<p>O quarto encontro de professores organizado pela Associa\u00e7\u00e3o de Professores de Matem\u00e1tica e o Instituto de Educa\u00e7\u00e3o da Universidade de Lisboa, no \u00e2mbito de um protocolo de colabora\u00e7\u00e3o entre estas institui\u00e7\u00f5es, ser\u00e1 dedicado \u00e0 reflex\u00e3o sobre as <strong>Aprendizagens Essenciais em Matem\u00e1tica<\/strong> nos diferentes n\u00edveis de escolaridade. <\/p>\n\n\n\n<p>Pretende-se com este encontro, proporcionar um tempo e um espa\u00e7o\nde forma\u00e7\u00e3o de professores e aprofundar a reflex\u00e3o e o debate em algumas\nquest\u00f5es relativas \u00e0s <strong>Aprendizagens\nEssenciais em Matem\u00e1tica<\/strong>. Com esta finalidade apresenta-se um <a href=\"#Programadoencontro\">programa do encontro<\/a> com tr\u00eas <a href=\"#SessoesPlenarias\">Sess\u00f5es plen\u00e1rias<\/a> \u2014 uma confer\u00eancia seguida de debate, um painel de apresenta\u00e7\u00e3o das conclus\u00f5es\nde Grupos de Discuss\u00e3o e um painel sobre aspetos espec\u00edficos do tema do\nencontro \u2014 e sess\u00f5es paralelas de <a href=\"#GruposDiscussao\">Grupos de Discuss\u00e3o<\/a> por ciclos de escolaridade.<\/p>\n\n\n\n<p>O encontro realiza-se em Lisboa no Instituto de Educa\u00e7\u00e3o, a 11 de maio\nde 2019, entre as 9 horas e 30 minutos e as 17 horas e 50 minutos. <\/p>\n\n\n\n<p>A Associa\u00e7\u00e3o de Professores da Matem\u00e1tica e o Instituto de Educa\u00e7\u00e3o convidam \u00e0 participa\u00e7\u00e3o os professores do ensino b\u00e1sico e do ensino secund\u00e1rio, a quem o encontro \u00e9 particularmente dirigido, bem como aos alunos \u2014 mestrandos e doutorandos \u2014  da \u00e1rea do ensino da Matem\u00e1tica.<\/p>\n\n\n\n<p>O encontro ser\u00e1 certificado como a\u00e7\u00e3o de curta dura\u00e7\u00e3o (Despacho n.\u00ba 5741\/2015 Artigo 3.\u00ba) para os grupos de doc\u00eancia 110, 230 e 500.<\/p>\n\n\n\n<p>Tenha em aten\u00e7\u00e3o os prazos e condi\u00e7\u00f5es de <a href=\"#Inscricoes\">inscri\u00e7\u00e3o<\/a>.<\/p>\n\n\n\n<p><\/p>\n\n\n\n<p><\/p>\n\n\n\n<a name=\"Programadoencontro\"><\/a>\n<h2><b>Programa do encontro<\/b><\/h2>\n\n\n\n<div class=\"wp-block-image\"><figure class=\"aligncenter\"><img loading=\"lazy\" decoding=\"async\" width=\"720\" height=\"1040\" data-attachment-id=\"1788\" data-permalink=\"https:\/\/wordpress.apm.pt\/?attachment_id=1788\" data-orig-file=\"https:\/\/wordpress.apm.pt\/wp-content\/uploads\/2019\/03\/Diapositivo2.jpeg\" data-orig-size=\"720,1040\" data-comments-opened=\"1\" data-image-meta=\"{&quot;aperture&quot;:&quot;0&quot;,&quot;credit&quot;:&quot;&quot;,&quot;camera&quot;:&quot;&quot;,&quot;caption&quot;:&quot;&quot;,&quot;created_timestamp&quot;:&quot;0&quot;,&quot;copyright&quot;:&quot;&quot;,&quot;focal_length&quot;:&quot;0&quot;,&quot;iso&quot;:&quot;0&quot;,&quot;shutter_speed&quot;:&quot;0&quot;,&quot;title&quot;:&quot;&quot;,&quot;orientation&quot;:&quot;0&quot;}\" data-image-title=\"Diapositivo2\" data-image-description=\"\" data-image-caption=\"\" data-medium-file=\"https:\/\/wordpress.apm.pt\/wp-content\/uploads\/2019\/03\/Diapositivo2.jpeg\" data-large-file=\"https:\/\/wordpress.apm.pt\/wp-content\/uploads\/2019\/03\/Diapositivo2.jpeg\" src=\"https:\/\/i1.wp.com\/wordpress.apm.pt\/wp-content\/uploads\/2019\/03\/Diapositivo2.jpeg?fit=709%2C1024&amp;ssl=1\" alt=\"\" class=\"wp-image-1788\" srcset=\"https:\/\/wordpress.apm.pt\/wp-content\/uploads\/2019\/03\/Diapositivo2.jpeg 720w, https:\/\/wordpress.apm.pt\/wp-content\/uploads\/2019\/03\/Diapositivo2.jpeg 208w, https:\/\/wordpress.apm.pt\/wp-content\/uploads\/2019\/03\/Diapositivo2.jpeg 709w\" sizes=\"auto, (max-width: 720px) 100vw, 720px\" \/><\/figure><\/div>\n\n\n\n<h2 class=\"wp-block-heading\"><\/h2>\n\n\n\n<p><\/p>\n\n\n\n<a name=\"SessoesPlenarias\"><\/a>\n<h2><strong>Sess\u00f5es Plen\u00e1rias<\/strong><br><\/h2>\n\n\n\n<p class=\"has-medium-font-size\">9:15<strong> Confer\u00eancia<\/strong><\/p>\n\n\n\n<p><strong><em>Aprendizagens essenciais em Matem\u00e1tica, de qu<\/em>e falamos?<\/strong><\/p>\n\n\n\n<p>Henrique Manuel Guimar\u00e3es, <em>Instituto de Educa\u00e7\u00e3o da Universidade de Lisboa&nbsp;<\/em><\/p>\n\n\n\n<p><strong>Resumo:<\/strong><\/p>\n\n\n\n<p>De que falamos quando falamos em <em>aprendizagens<\/em>? E em <em>aprendizagens em Matem\u00e1tica<\/em>? E em <em>aprendizagens essenciais em Matem\u00e1tica<\/em>?<\/p>\n\n\n\n<p>E se for \u2014 <em>aprendizagens\nmatem\u00e1ticas essenciais<\/em>?<\/p>\n\n\n\n<p>Na minha interven\u00e7\u00e3o vou procurar p\u00f4r \u00e0 vista, e deixar\n\u00e0 discuss\u00e3o, aspectos que em meu entender s\u00e3o, ou podem (devem?) ser\nconsiderados, na busca de um entendimento mais partilhado e porventura mais\naprofundado sobre o tema em quest\u00e3o. <\/p>\n\n\n\n<p>Por raz\u00f5es de economia, mas tamb\u00e9m por n\u00e3o querer\nir por caminhos em que me movo quase apenas com a experi\u00eancia dos anos e o\nsenso pouco mais que comum, n\u00e3o me vou demorar em quest\u00f5es gerais, ou mais\namplas, sobre <em>o que \u00e9 aprender<\/em>, ou <em>o que \u00e9 aprendizagem<\/em>. Isto, todavia, sem\ndeixar de reconhecer que \u00e9 logo aqui, nestas quest\u00f5es, que nos confrontam dimens\u00f5es\ndo aprender t\u00e3o importantes como <em>memoriza\u00e7\u00e3o<\/em>,\n<em>compreens\u00e3o<\/em>, <em>aplica\u00e7\u00e3o&#8230; an\u00e1lise, interpreta\u00e7\u00e3o, argumenta\u00e7\u00e3o, cr\u00edtica&#8230; imita\u00e7\u00e3o,\nreprodu\u00e7\u00e3o, produ\u00e7\u00e3o, cria\u00e7\u00e3o&#8230; saber, saber-fazer, saber-estar, saber-ser&#8230;<\/em><\/p>\n\n\n\n<p>Procurarei antes ir para zonas que me s\u00e3o mais pr\u00f3ximas, e levantar perguntas e expor ideias, de que espero sobretudo poder de interpela\u00e7\u00e3o e elucida\u00e7\u00e3o, sendo certo que as respostas que por ventura (me) cheguem n\u00e3o dir\u00e3o tudo e muito menos ser\u00e3o definitivas. <\/p>\n\n\n\n<p>Por exemplo:<\/p>\n\n\n\n<p>Tratando-se, como \u00e9 o caso, de aprendizagens na\nescolaridade obrigat\u00f3ria, no que nos diz respeito, no \u00e2mbito da disciplina de\nMatem\u00e1tica, que grandes prop\u00f3sitos \u2014 <em>finalidades\nde ensino<\/em>, da Matem\u00e1tica em particular \u2014 devem visar tais aprendizagens? Finalidades\nde <em>\u00edndole formativa<\/em>? <em>Instrumental<\/em>? C<em>ultural<\/em>?&#8230;<\/p>\n\n\n\n<p>Que dom\u00ednios ou, com mais detalhe, que tipo de\ndom\u00ednios devem ser considerados no estabelecimento dessas aprendizagens? No\ncampo<em> matem\u00e1tico, psicol\u00f3gico, social&#8230;<\/em>?\nNo campo<em> cognitivo, s\u00f3cio-afectivo, f\u00edsico-motor<\/em>&#8230;\n?<\/p>\n\n\n\n<p>Apresentadas como <em>essenciais<\/em>, que sentido dar a este atributo com que v\u00eam\nqualificadas? E essenciais porqu\u00ea? \u2014 O que orienta, sustenta, determina as\ndecis\u00f5es na sua defini\u00e7\u00e3o?<\/p>\n\n\n\n<p>Estas,\ne algumas outras que vir\u00e3o depois, s\u00e3o as perguntas que tenho em mente para\ntecer e entretecer as ideias que pretendo apresentar, movendo-me nisso,\nsobretudo, a expectativa da partilha e do confronto, a procura de melhor\ncompreens\u00e3o.<\/p>\n\n\n\n<h2 class=\"wp-block-heading\"><\/h2>\n\n\n\n<p><\/p>\n\n\n\n<p class=\"has-medium-font-size\">14:45<strong> Painel de s\u00edntese dos grupos de discuss\u00e3o<\/strong><\/p>\n\n\n\n<p>Modera\u00e7\u00e3o: Renata Carvalho, <em>Associa\u00e7\u00e3o de Professores de Matem\u00e1tica<\/em><\/p>\n\n\n\n<h2 class=\"wp-block-heading\"><\/h2>\n\n\n\n<p><\/p>\n\n\n\n<p class=\"has-medium-font-size\">16:00 <strong>Painel<\/strong><\/p>\n\n\n\n<p><strong><em>Um olhar sobre as aprendizagens essenciais em Matem\u00e1tica a partir de diferentes perspetivas<\/em><\/strong><\/p>\n\n\n\n<p>Concei\u00e7\u00e3o Gon\u00e7alves, <em>T\u00e9cnica superior do Minist\u00e9rio da Educa\u00e7\u00e3o<\/em><\/p>\n\n\n\n<p>Joana Brocardo, <em>Escola Superior de Educa\u00e7\u00e3o de Set\u00fabal<\/em><\/p>\n\n\n\n<p>Leonor Santos, <em>Instituto de Educa\u00e7\u00e3o da Universidade de Lisboa<\/em><\/p>\n\n\n\n<p>Modera\u00e7\u00e3o: H\u00e9lia Oliveira, <em> Instituto de Educa\u00e7\u00e3o da Universidade de Lisboa<\/em><\/p>\n\n\n\n<p><strong>Resumo:<\/strong><\/p>\n\n\n\n<p>A (re)defini\u00e7\u00e3o das aprendizagens essenciais em Matem\u00e1tica, tendo em conta os desafios com que se confrontar\u00e3o, no seu futuro, os jovens de hoje, tem merecido a aten\u00e7\u00e3o de v\u00e1rias organiza\u00e7\u00f5es ligadas \u00e0 educa\u00e7\u00e3o e aos sistemas educativos&nbsp; de diferentes pa\u00edses. A n\u00edvel da OCDE, por exemplo, o projeto <em>Mathematics Curriculum Document Analysis<\/em> tem procurado investigar como diferentes pa\u00edses t\u00eam incorporado a literacia matem\u00e1tica e as compet\u00eancias para o s\u00e9culo XXI no curr\u00edculo de matem\u00e1tica. J\u00e1 os resultados dos testes internacionais do PISA colocam em evid\u00eancia a literacia em Matem\u00e1tica que os alunos est\u00e3o a desenvolver, permitindo-nos refletir sobre as aprendizagens essenciais que estes revelam. A n\u00edvel nacional, surgiu o documento <em>Perfil dos alunos \u00e0 sa\u00edda da escolaridade obrigat\u00f3ria<\/em> que constitui um referencial para o desenvolvimento curricular, definindo as compet\u00eancias que os jovens devem desenvolver ao longo do seu percurso escolar.<\/p>\n\n\n\n<p>Como podemos perspetivar as aprendizagens essenciais em Matem\u00e1tica, a partir de tais contextos? Que desafios se levantam? Partindo da intera\u00e7\u00e3o privilegiada das intervenientes no painel com esses diferentes contextos, pretendemos com esta sess\u00e3o contribuir para uma reflex\u00e3o alargada sobre a tem\u00e1tica das aprendizagens essenciais em Matem\u00e1tica no nosso pa\u00eds. <\/p>\n\n\n\n<p><\/p>\n\n\n\n<p><\/p>\n\n\n\n<p class=\"has-medium-font-size\">17:30 <strong>Sess\u00e3o de encerramento<\/strong><\/p>\n\n\n\n<p>Lurdes Figueiral, <em>Associa\u00e7\u00e3o de Professores de Matem\u00e1tica<\/em><\/p>\n\n\n\n<p>Jo\u00e3o Pedro da Ponte, <em>Instituto de Educa\u00e7\u00e3o da Universidade de Lisboa<\/em><\/p>\n\n\n\n<p><\/p>\n\n\n\n<p><\/p>\n\n\n\n<h2 class=\"wp-block-heading\"><\/h2>\n\n\n\n<p><\/p>\n\n\n\n<a name=\"GruposDiscussao\"><\/a>\n<h2><strong>Grupos de Discuss\u00e3o<\/strong><br><\/h2>\n\n\n\n<p><strong>Resumo:<\/strong><\/p>\n\n\n\n<p>Neste encontro, os grupos de discuss\u00e3o t\u00eam como objetivo proporcionar aos participantes, por n\u00edvel de ensino, um espa\u00e7o de partilha e debate acerca das aprendizagens essenciais em Matem\u00e1tica, das din\u00e2micas que estas originaram em termos de grupo disciplinar, na gest\u00e3o do curr\u00edculo e poss\u00edveis reflexos nas aprendizagens matem\u00e1ticas dos alunos. Professores de v\u00e1rias escolas ir\u00e3o partilhar pr\u00e1ticas e experi\u00eancias nos 1.\u00ba, 2.\u00ba e 3.\u00ba ciclos e ensino secund\u00e1rio. Neste sentido, cada participante dever\u00e1 inscrever-se no encontro de acordo com o ano e n\u00edvel de ensino do grupo de discuss\u00e3o em que pretende participar. O n\u00famero de participantes por grupo de discuss\u00e3o \u00e9 limitado.<\/p>\n\n\n\n<h4 class=\"wp-block-heading\"><strong>1.\u00ba ciclo<\/strong><\/h4>\n\n\n\n<p>Lurdes Serrazina (ESE Lisboa), Paula Figueiredo (AE Braamcamp Freire, Odivelas) e Sandra Chumbo (AE Terras de Larus, Amora)<\/p>\n\n\n\n<p>Modera\u00e7\u00e3o:  Cristina Morais (Externato da Luz, Lisboa) e Helena Guerreiro (AE Braamcamp Freire, Odivelas) <\/p>\n\n\n\n<h4 class=\"wp-block-heading\"><strong>2.\u00ba ciclo<\/strong><\/h4>\n\n\n\n<p><a name=\"Inscricoes\"><\/a><\/p>\n\n\n\n<p>Irene Segurado (AE de Lapi\u00e1s, Montelavar), Ana Cristina Tudella (EBS Frei Gon\u00e7alo de Azevedo, S. Domingos de Rana), Anabela Gaio (EB2,3 M\u00e1rio de S\u00e1 Carneiro, Camarate) <\/p>\n\n\n\n<p>Modera\u00e7\u00e3o:  Lina Brunheira (ESE Lisboa) e Marisa Quaresma (IE-ULisboa)<\/p>\n\n\n\n<h4 class=\"wp-block-heading\"><strong>3.\u00ba ciclo<\/strong><\/h4>\n\n\n\n<p>Henrique Guimar\u00e3es (IE-ULisboa), Ant\u00f3nio Vila (AE Mem Martins), Ana Fernandes, Ana Pinheiro, Dulce Carrelo e Teresa Ramos (AE Boa \u00c1gua, Sesimbra)<\/p>\n\n\n\n<p>Modera\u00e7\u00e3o:  Luc\u00edlia Teles (APM) e Teresa Moreira (ES Cam\u00f5es, Lisboa) <\/p>\n\n\n\n<h4 class=\"wp-block-heading\"><strong>E Secund\u00e1rio<\/strong><\/h4>\n\n\n\n<p>Paulo Correia (AE de Alc\u00e1cer do Sal), Cl\u00e1udia Domingues (ES de Caldas das Taipas) e S\u00edlvia Zuzarte (ES de Casquilhos, Barreiro) <\/p>\n\n\n\n<p>Modera\u00e7\u00e3o:   Joana Mata-Pereira (IE-ULisboa) e Paula Gomes (ES Dr. Jos\u00e9 Afonso, Seixal)<\/p>\n\n\n\n<a name=\"Inscricoes\"><\/a><h2><strong>Inscri\u00e7\u00f5es<\/strong><\/h2>\n\n\n\n<p><strong>Destinat\u00e1rios:<\/strong><\/p>\n\n\n\n<p>professores dos grupos 110, 230 e 500<\/p>\n\n\n\n<p>doutorandos e mestrandos na \u00e1rea do ensino da matem\u00e1tica<\/p>\n\n\n\n<p><strong>Pre\u00e7os:<\/strong><\/p>\n\n\n\n<p>s\u00f3cios da APM com estatuto de estudantes \u2013 gratuito<\/p>\n\n\n\n<p>estudantes do IE-UL \u2013 gratuito<\/p>\n\n\n\n<p>estudantes de outras institui\u00e7\u00f5es \u2013 10,00\u20ac<\/p>\n\n\n\n<p>s\u00f3cios da APM \u2013 10,00\u20ac<\/p>\n\n\n\n<p>professores de escolas associadas da APM \u2013 15,00\u20ac<\/p>\n\n\n\n<p>professores n\u00e3o associados \u2013 20,00\u20ac<\/p>\n\n\n\n<p><\/p>\n\n\n\n<p><strong>Prazos:<\/strong><\/p>\n\n\n\n<p>Data limite de inscri\u00e7\u00e3o: 30 de abril, <strong>sujeita a limite de n\u00famero de inscri\u00e7\u00f5es<\/strong><\/p>\n\n\n\n<p>Nota: deve inscrever-se de acordo com o n\u00edvel de ensino do Grupo de Discuss\u00e3o em que pretende participar, clicando no bot\u00e3o respetivo<\/p>\n\n\n\n<p><\/p>\n\n\n\n<div class=\"wp-block-image\"><figure class=\"aligncenter is-resized\"><a href=\"https:\/\/goo.gl\/forms\/QEQ0Wyz8cLd0n8Rm2\" target=\"_blank\" rel=\"noreferrer noopener\"><img loading=\"lazy\" decoding=\"async\" data-attachment-id=\"1790\" data-permalink=\"https:\/\/wordpress.apm.pt\/?attachment_id=1790\" data-orig-file=\"https:\/\/wordpress.apm.pt\/wp-content\/uploads\/2019\/03\/bota\u0303o_1CEB.jpg\" data-orig-size=\"720,270\" data-comments-opened=\"1\" data-image-meta=\"{&quot;aperture&quot;:&quot;0&quot;,&quot;credit&quot;:&quot;&quot;,&quot;camera&quot;:&quot;&quot;,&quot;caption&quot;:&quot;&quot;,&quot;created_timestamp&quot;:&quot;0&quot;,&quot;copyright&quot;:&quot;&quot;,&quot;focal_length&quot;:&quot;0&quot;,&quot;iso&quot;:&quot;0&quot;,&quot;shutter_speed&quot;:&quot;0&quot;,&quot;title&quot;:&quot;&quot;,&quot;orientation&quot;:&quot;0&quot;}\" data-image-title=\"bota\u0303o_1CEB\" data-image-description=\"\" data-image-caption=\"\" data-medium-file=\"https:\/\/wordpress.apm.pt\/wp-content\/uploads\/2019\/03\/bota\u0303o_1CEB.jpg\" data-large-file=\"https:\/\/wordpress.apm.pt\/wp-content\/uploads\/2019\/03\/bota\u0303o_1CEB.jpg\" src=\"https:\/\/wordpress.apm.pt\/wp-content\/uploads\/2019\/03\/bota\u0303o_1CEB.jpg\" alt=\"\" class=\"wp-image-1790\" width=\"365\" height=\"136\" srcset=\"https:\/\/wordpress.apm.pt\/wp-content\/uploads\/2019\/03\/bota\u0303o_1CEB.jpg 720w, https:\/\/wordpress.apm.pt\/wp-content\/uploads\/2019\/03\/bota\u0303o_1CEB.jpg 300w\" sizes=\"auto, (max-width: 365px) 100vw, 365px\" \/><\/a><\/figure><\/div>\n\n\n\n<div class=\"wp-block-image\"><figure class=\"aligncenter is-resized\"><a href=\"https:\/\/goo.gl\/forms\/PIxlvL1XbnGy5MsW2\" target=\"_blank\" rel=\"noreferrer noopener\"><img loading=\"lazy\" decoding=\"async\" data-attachment-id=\"1791\" data-permalink=\"https:\/\/wordpress.apm.pt\/?attachment_id=1791\" data-orig-file=\"https:\/\/wordpress.apm.pt\/wp-content\/uploads\/2019\/03\/bota\u0303o_2CEB.jpg\" data-orig-size=\"720,270\" data-comments-opened=\"1\" data-image-meta=\"{&quot;aperture&quot;:&quot;0&quot;,&quot;credit&quot;:&quot;&quot;,&quot;camera&quot;:&quot;&quot;,&quot;caption&quot;:&quot;&quot;,&quot;created_timestamp&quot;:&quot;0&quot;,&quot;copyright&quot;:&quot;&quot;,&quot;focal_length&quot;:&quot;0&quot;,&quot;iso&quot;:&quot;0&quot;,&quot;shutter_speed&quot;:&quot;0&quot;,&quot;title&quot;:&quot;&quot;,&quot;orientation&quot;:&quot;0&quot;}\" data-image-title=\"bota\u0303o_2CEB\" data-image-description=\"\" data-image-caption=\"\" data-medium-file=\"https:\/\/wordpress.apm.pt\/wp-content\/uploads\/2019\/03\/bota\u0303o_2CEB.jpg\" data-large-file=\"https:\/\/wordpress.apm.pt\/wp-content\/uploads\/2019\/03\/bota\u0303o_2CEB.jpg\" src=\"https:\/\/wordpress.apm.pt\/wp-content\/uploads\/2019\/03\/bota\u0303o_2CEB.jpg\" alt=\"\" class=\"wp-image-1791\" width=\"365\" height=\"136\" srcset=\"https:\/\/wordpress.apm.pt\/wp-content\/uploads\/2019\/03\/bota\u0303o_2CEB.jpg 720w, https:\/\/wordpress.apm.pt\/wp-content\/uploads\/2019\/03\/bota\u0303o_2CEB.jpg 300w\" sizes=\"auto, (max-width: 365px) 100vw, 365px\" \/><\/a><\/figure><\/div>\n\n\n\n<div class=\"wp-block-image\"><figure class=\"aligncenter is-resized\"><a href=\"https:\/\/goo.gl\/forms\/RVOv8jsbRWce8eSl2\" target=\"_blank\" rel=\"noreferrer noopener\"><img loading=\"lazy\" decoding=\"async\" data-attachment-id=\"1792\" data-permalink=\"https:\/\/wordpress.apm.pt\/?attachment_id=1792\" data-orig-file=\"https:\/\/wordpress.apm.pt\/wp-content\/uploads\/2019\/03\/bota\u0303o_3CEB.jpg\" data-orig-size=\"720,270\" data-comments-opened=\"1\" data-image-meta=\"{&quot;aperture&quot;:&quot;0&quot;,&quot;credit&quot;:&quot;&quot;,&quot;camera&quot;:&quot;&quot;,&quot;caption&quot;:&quot;&quot;,&quot;created_timestamp&quot;:&quot;0&quot;,&quot;copyright&quot;:&quot;&quot;,&quot;focal_length&quot;:&quot;0&quot;,&quot;iso&quot;:&quot;0&quot;,&quot;shutter_speed&quot;:&quot;0&quot;,&quot;title&quot;:&quot;&quot;,&quot;orientation&quot;:&quot;0&quot;}\" data-image-title=\"bota\u0303o_3CEB\" data-image-description=\"\" data-image-caption=\"\" data-medium-file=\"https:\/\/wordpress.apm.pt\/wp-content\/uploads\/2019\/03\/bota\u0303o_3CEB.jpg\" data-large-file=\"https:\/\/wordpress.apm.pt\/wp-content\/uploads\/2019\/03\/bota\u0303o_3CEB.jpg\" src=\"https:\/\/wordpress.apm.pt\/wp-content\/uploads\/2019\/03\/bota\u0303o_3CEB.jpg\" alt=\"\" class=\"wp-image-1792\" width=\"365\" height=\"136\" srcset=\"https:\/\/wordpress.apm.pt\/wp-content\/uploads\/2019\/03\/bota\u0303o_3CEB.jpg 720w, https:\/\/wordpress.apm.pt\/wp-content\/uploads\/2019\/03\/bota\u0303o_3CEB.jpg 300w\" sizes=\"auto, (max-width: 365px) 100vw, 365px\" \/><\/a><\/figure><\/div>\n\n\n\n<div class=\"wp-block-image\"><figure class=\"aligncenter is-resized\"><a href=\"https:\/\/goo.gl\/forms\/ikHd0vqSWqhCqAYi1\" target=\"_blank\" rel=\"noreferrer noopener\"><img loading=\"lazy\" decoding=\"async\" data-attachment-id=\"1793\" data-permalink=\"https:\/\/wordpress.apm.pt\/?attachment_id=1793\" data-orig-file=\"https:\/\/wordpress.apm.pt\/wp-content\/uploads\/2019\/03\/bota\u0303o_ES.jpg\" data-orig-size=\"720,270\" data-comments-opened=\"1\" data-image-meta=\"{&quot;aperture&quot;:&quot;0&quot;,&quot;credit&quot;:&quot;&quot;,&quot;camera&quot;:&quot;&quot;,&quot;caption&quot;:&quot;&quot;,&quot;created_timestamp&quot;:&quot;0&quot;,&quot;copyright&quot;:&quot;&quot;,&quot;focal_length&quot;:&quot;0&quot;,&quot;iso&quot;:&quot;0&quot;,&quot;shutter_speed&quot;:&quot;0&quot;,&quot;title&quot;:&quot;&quot;,&quot;orientation&quot;:&quot;0&quot;}\" data-image-title=\"bota\u0303o_ES\" data-image-description=\"\" data-image-caption=\"\" data-medium-file=\"https:\/\/wordpress.apm.pt\/wp-content\/uploads\/2019\/03\/bota\u0303o_ES.jpg\" data-large-file=\"https:\/\/wordpress.apm.pt\/wp-content\/uploads\/2019\/03\/bota\u0303o_ES.jpg\" src=\"https:\/\/wordpress.apm.pt\/wp-content\/uploads\/2019\/03\/bota\u0303o_ES.jpg\" alt=\"\" class=\"wp-image-1793\" width=\"365\" height=\"137\" srcset=\"https:\/\/wordpress.apm.pt\/wp-content\/uploads\/2019\/03\/bota\u0303o_ES.jpg 720w, https:\/\/wordpress.apm.pt\/wp-content\/uploads\/2019\/03\/bota\u0303o_ES.jpg 300w\" sizes=\"auto, (max-width: 365px) 100vw, 365px\" \/><\/a><\/figure><\/div>\n\n\n\n<p><\/p>\n\n\n\n<p><\/p>\n\n\n\n<h2 class=\"wp-block-heading\">Comiss\u00e3o Organizadora<\/h2>\n\n\n\n<p style=\"text-align:center\">Joana Mata-Pereira, <em>IE-UL<\/em><\/p>\n\n\n\n<p style=\"text-align:center\">Leonor\nSantos, <em>IE-UL<\/em><\/p>\n\n\n\n<p style=\"text-align:center\">Luc\u00edlia Teles,\n<em>APM<\/em><\/p>\n\n\n\n<p style=\"text-align:center\">Lurdes Figueiral, <em>APM<\/em><\/p>\n\n\n\n<p style=\"text-align:center\">Marisa Quaresma, <em>IE-UL<\/em><\/p>\n\n\n\n<p style=\"text-align:center\">Renata\nCarvalho, <em>APM<\/em><\/p>\n\n\n\n<h2 class=\"wp-block-heading\">Comiss\u00e3o Alargada<\/h2>\n\n\n\n<p style=\"text-align:center\">Ana Cl\u00e1udia\nHenriques, <em>IE-UL<\/em><\/p>\n\n\n\n<p style=\"text-align:center\">H\u00e9lia\nOliveira, <em>IE-UL<\/em><\/p>\n\n\n\n<p style=\"text-align:center\">Henrique Manuel Guimar\u00e3es, <em>IE-UL<\/em><\/p>\n\n\n\n<p style=\"text-align:center\">Joana Mata-Pereira, <em>IE-UL\ufeff<\/em><\/p>\n\n\n\n<p style=\"text-align:center\">Jo\u00e3o Pedro da Ponte, IE-UL<\/p>\n\n\n\n<p style=\"text-align:center\">Leonor\nSantos, <em>IE-UL<\/em><\/p>\n\n\n\n<p style=\"text-align:center\">Luc\u00edlia Teles,\n<em>APM<\/em><\/p>\n\n\n\n<p style=\"text-align:center\">Lurdes Figueiral, <em>APM<\/em><\/p>\n\n\n\n<p style=\"text-align:center\">Marisa Quaresma, <em>IE-UL<\/em><\/p>\n\n\n\n<p style=\"text-align:center\">Renata\nCarvalho, <em>APM<\/em><\/p>\n\n\n\n<p><\/p>\n\n\n\n<p><\/p>\n","protected":false},"excerpt":{"rendered":"<p>Apresenta\u00e7\u00e3o do Encontro O quarto encontro de professores organizado pela Associa\u00e7\u00e3o de Professores de Matem\u00e1tica e o Instituto de Educa\u00e7\u00e3o da Universidade de Lisboa, no \u00e2mbito de um protocolo de colabora\u00e7\u00e3o entre estas institui\u00e7\u00f5es, ser\u00e1 dedicado \u00e0 reflex\u00e3o sobre as Aprendizagens Essenciais em Matem\u00e1tica nos diferentes n\u00edveis de escolaridade. Pretende-se com este encontro, proporcionar um [&hellip;]<\/p>\n","protected":false},"author":5,"featured_media":0,"parent":0,"menu_order":0,"comment_status":"closed","ping_status":"closed","template":"","meta":{"_monsterinsights_skip_tracking":false,"_monsterinsights_sitenote_active":false,"_monsterinsights_sitenote_note":"","_monsterinsights_sitenote_category":0,"jetpack_post_was_ever_published":false,"footnotes":""},"class_list":["post-1786","page","type-page","status-publish","hentry"],"jetpack_sharing_enabled":true,"jetpack_shortlink":"https:\/\/wp.me\/P8Nl6b-sO","jetpack-related-posts":[],"_links":{"self":[{"href":"https:\/\/wordpress.apm.pt\/index.php?rest_route=\/wp\/v2\/pages\/1786","targetHints":{"allow":["GET"]}}],"collection":[{"href":"https:\/\/wordpress.apm.pt\/index.php?rest_route=\/wp\/v2\/pages"}],"about":[{"href":"https:\/\/wordpress.apm.pt\/index.php?rest_route=\/wp\/v2\/types\/page"}],"author":[{"embeddable":true,"href":"https:\/\/wordpress.apm.pt\/index.php?rest_route=\/wp\/v2\/users\/5"}],"replies":[{"embeddable":true,"href":"https:\/\/wordpress.apm.pt\/index.php?rest_route=%2Fwp%2Fv2%2Fcomments&post=1786"}],"version-history":[{"count":32,"href":"https:\/\/wordpress.apm.pt\/index.php?rest_route=\/wp\/v2\/pages\/1786\/revisions"}],"predecessor-version":[{"id":2473,"href":"https:\/\/wordpress.apm.pt\/index.php?rest_route=\/wp\/v2\/pages\/1786\/revisions\/2473"}],"wp:attachment":[{"href":"https:\/\/wordpress.apm.pt\/index.php?rest_route=%2Fwp%2Fv2%2Fmedia&parent=1786"}],"curies":[{"name":"wp","href":"https:\/\/api.w.org\/{rel}","templated":true}]}}