{"id":2403,"date":"2020-01-07T15:50:54","date_gmt":"2020-01-07T15:50:54","guid":{"rendered":"https:\/\/wordpress.apm.pt\/?page_id=2403"},"modified":"2020-01-07T15:50:54","modified_gmt":"2020-01-07T15:50:54","slug":"dia-internacional-da-matematica","status":"publish","type":"page","link":"https:\/\/wordpress.apm.pt\/?page_id=2403","title":{"rendered":"Dia Internacional da Matem\u00e1tica"},"content":{"rendered":"\n<h3 style=\"text-align: center;\">Trilhos matem\u00e1ticos na nossa terra<\/h3>\n<h3 style=\"text-align: center;\">\u2014 uma proposta de participa\u00e7\u00e3o da APM<\/h3>\n\n\n\n\n\n<div class=\"wp-block-image\"><figure class=\"aligncenter size-large is-resized\"><img loading=\"lazy\" decoding=\"async\" data-attachment-id=\"2404\" data-permalink=\"https:\/\/wordpress.apm.pt\/?attachment_id=2404\" data-orig-file=\"https:\/\/wordpress.apm.pt\/wp-content\/uploads\/2020\/01\/trilhosmat-e1578574437914.png\" data-orig-size=\"400,600\" data-comments-opened=\"1\" data-image-meta=\"{&quot;aperture&quot;:&quot;0&quot;,&quot;credit&quot;:&quot;&quot;,&quot;camera&quot;:&quot;&quot;,&quot;caption&quot;:&quot;&quot;,&quot;created_timestamp&quot;:&quot;0&quot;,&quot;copyright&quot;:&quot;&quot;,&quot;focal_length&quot;:&quot;0&quot;,&quot;iso&quot;:&quot;0&quot;,&quot;shutter_speed&quot;:&quot;0&quot;,&quot;title&quot;:&quot;&quot;,&quot;orientation&quot;:&quot;0&quot;}\" data-image-title=\"trilhosmat\" data-image-description=\"\" data-image-caption=\"\" data-medium-file=\"https:\/\/wordpress.apm.pt\/wp-content\/uploads\/2020\/01\/trilhosmat-e1578574437914.png\" data-large-file=\"https:\/\/wordpress.apm.pt\/wp-content\/uploads\/2020\/01\/trilhosmat-e1578574437914.png\" src=\"https:\/\/i0.wp.com\/wordpress.apm.pt\/wp-content\/uploads\/2020\/01\/trilhosmat.png?fit=683%2C1024&amp;ssl=1\" alt=\"\" class=\"wp-image-2404\" width=\"326\" height=\"488\"\/><\/figure><\/div>\n\n\n\n<p><strong>A\nMatem\u00e1tica est\u00e1 em toda a parte<\/strong><\/p>\n\n\n\n<p>A Associa\u00e7\u00e3o de Professores de Matem\u00e1tica (APM), juntamente com outras associa\u00e7\u00f5es e organiza\u00e7\u00f5es, fez parte do n\u00facleo portugu\u00eas que integrou o conjunto de entidades que solicitou \u00e0 Unesco a institui\u00e7\u00e3o do dia 14 de mar\u00e7o \u2014 j\u00e1 com tradi\u00e7\u00e3o alargada de celebra\u00e7\u00f5es matem\u00e1ticas como Dia do Pi \u00ad\u2014 como o Dia Internacional da Matem\u00e1tica (DIM ou IDM), felizmente agora aprovado na 40.\u00aa sess\u00e3o da Confer\u00eancia Geral da Unesco. Foi criada uma <a href=\"https:\/\/www.idm314.org\/\" target=\"_blank\" rel=\"noreferrer noopener\" aria-label=\" (opens in a new tab)\">p\u00e1gina internacional <\/a>onde se podem seguir as informa\u00e7\u00f5es \/ sugest\u00f5es \/ realiza\u00e7\u00f5es que, relativamente a este dia, se prop\u00f5em e se v\u00e3o concretizando.<\/p>\n\n\n\n<p>O tema para o primeiro Dia Internacional da Matem\u00e1tica (que se celebrar\u00e1 a 14 de mar\u00e7o de 2020) \u00e9 <em>A Matem\u00e1tica est\u00e1 em toda a parte<\/em>. Podem ser consultadas na p\u00e1gina acima indicada, m\u00faltiplas sugest\u00f5es de t\u00f3picos relacionados com este tema e que, com a criatividade dos professores e alunos das nossas escolas, ter\u00e3o certamente possibilidades de variadas concretiza\u00e7\u00f5es.<\/p>\n<p>Para que este dia n\u00e3o seja mais um dia, mas posso tornar-se num fator mobilizador para o envolvimento de alunos e professores em projetos de escola, de turma ou mesmo da disciplina em cada escola \u2014 na sua escola \u2014 contribuindo assim tamb\u00e9m para a melhoria da rela\u00e7\u00e3o dos alunos com a Matem\u00e1tica e das suas aprendizagens matem\u00e1ticas, a APM vem desafiar os educadores e os professores de matem\u00e1tica de todos os n\u00edveis de ensino a participarem na constru\u00e7\u00e3o de <strong>Trilhos matem\u00e1ticos na nossa terra<\/strong>, tema este que j\u00e1 tem sido trabalhado em muitos locais e de muitas formas diferentes. Esta proposta visa, n\u00e3o s\u00f3 a participa\u00e7\u00e3o no Dia Internacional da Matem\u00e1tica \u2014 com a identifica\u00e7\u00e3o de cada local de realiza\u00e7\u00e3o <a href=\"https:\/\/docs.google.com\/forms\/d\/e\/1FAIpQLSch0M-3WcSPQgsj4ILyt9cTHn9uQT85dfvmGSRwjaBq9N00Pg\/viewform\" target=\"_blank\" rel=\"noopener noreferrer\">aqui<\/a>, para a constru\u00e7\u00e3o de um mapa mundial \u00a0de realiza\u00e7\u00f5es que estar\u00e1 dispon\u00edvel na p\u00e1gina do DIM \u2014 \u00a0mas tamb\u00e9m recolher e divulgar materiais elaborados para uma exposi\u00e7\u00e3o (e eventual publica\u00e7\u00e3o) a realizar durante o encontro nacional de professores de Matem\u00e1tica, ProfMat, que a APM realiza anualmente e que em 2020 ter\u00e1 lugar em Santar\u00e9m, nos dias 15, 16 e 17 de julho.<\/p>\n<p>Consulte <a href=\"https:\/\/wordpress.apm.pt\/?page_id=2406\" target=\"_blank\" rel=\"noopener noreferrer\">aqui<\/a> mais informa\u00e7\u00f5es.<\/p>\n<p>De uma forma ou de outra, n\u00e3o deixe de levar os seus alunos a participar no DIM.<\/p>\n<p>Bom trabalho e boa participa\u00e7\u00e3o!<\/p>\n<p style=\"text-align: right;\">7 de janeiro de 2020<\/p>\n<p style=\"text-align: right;\">A Dire\u00e7\u00e3o da APM<\/p>\n","protected":false},"excerpt":{"rendered":"<p>Trilhos matem\u00e1ticos na nossa terra \u2014 uma proposta de participa\u00e7\u00e3o da APM A Matem\u00e1tica est\u00e1 em toda a parte A Associa\u00e7\u00e3o de Professores de Matem\u00e1tica (APM), juntamente com outras associa\u00e7\u00f5es e organiza\u00e7\u00f5es, fez parte do n\u00facleo portugu\u00eas que integrou o conjunto de entidades que solicitou \u00e0 Unesco a institui\u00e7\u00e3o do dia 14 de mar\u00e7o \u2014 [&hellip;]<\/p>\n","protected":false},"author":5,"featured_media":0,"parent":0,"menu_order":0,"comment_status":"closed","ping_status":"closed","template":"","meta":{"_monsterinsights_skip_tracking":false,"_monsterinsights_sitenote_active":false,"_monsterinsights_sitenote_note":"","_monsterinsights_sitenote_category":0,"jetpack_post_was_ever_published":false,"footnotes":""},"class_list":["post-2403","page","type-page","status-publish","hentry"],"jetpack_sharing_enabled":true,"jetpack_shortlink":"https:\/\/wp.me\/P8Nl6b-CL","jetpack-related-posts":[],"_links":{"self":[{"href":"https:\/\/wordpress.apm.pt\/index.php?rest_route=\/wp\/v2\/pages\/2403","targetHints":{"allow":["GET"]}}],"collection":[{"href":"https:\/\/wordpress.apm.pt\/index.php?rest_route=\/wp\/v2\/pages"}],"about":[{"href":"https:\/\/wordpress.apm.pt\/index.php?rest_route=\/wp\/v2\/types\/page"}],"author":[{"embeddable":true,"href":"https:\/\/wordpress.apm.pt\/index.php?rest_route=\/wp\/v2\/users\/5"}],"replies":[{"embeddable":true,"href":"https:\/\/wordpress.apm.pt\/index.php?rest_route=%2Fwp%2Fv2%2Fcomments&post=2403"}],"version-history":[{"count":2,"href":"https:\/\/wordpress.apm.pt\/index.php?rest_route=\/wp\/v2\/pages\/2403\/revisions"}],"predecessor-version":[{"id":2408,"href":"https:\/\/wordpress.apm.pt\/index.php?rest_route=\/wp\/v2\/pages\/2403\/revisions\/2408"}],"wp:attachment":[{"href":"https:\/\/wordpress.apm.pt\/index.php?rest_route=%2Fwp%2Fv2%2Fmedia&parent=2403"}],"curies":[{"name":"wp","href":"https:\/\/api.w.org\/{rel}","templated":true}]}}