{"id":247,"date":"2017-07-22T22:37:14","date_gmt":"2017-07-22T22:37:14","guid":{"rendered":"https:\/\/wordpress.apm.pt\/?page_id=247"},"modified":"2020-10-26T08:03:57","modified_gmt":"2020-10-26T08:03:57","slug":"educacao-e-matematica","status":"publish","type":"page","link":"https:\/\/wordpress.apm.pt\/?page_id=247","title":{"rendered":"Educa\u00e7\u00e3o e Matem\u00e1tica"},"content":{"rendered":"<p>A <em>Educa\u00e7\u00e3o e Matem\u00e1tica<\/em> \u00e9 uma revista profissional, com revis\u00e3o por pares, propriedade da APM e distribu\u00edda a todos os s\u00f3cios. Publicada desde 1987, a\u00a0sua periodicidade atual \u00e9 de cinco n\u00fameros anuais, sendo um deles duplo e tem\u00e1tico. Nela s\u00e3o publicados artigos diversos sobre o ensino e a aprendizagem da Matem\u00e1tica, relatos de experi\u00eancias de inova\u00e7\u00e3o, propostas de atividades para a sala de aula, etc. Para conhecer como pode publicar um texto na revista, consulte o campo <a href=\"http:\/\/www.apm.pt\/portal\/em.php?id=19488\" target=\"_blank\" rel=\"noopener noreferrer\"><em>Como publicar<\/em><\/a>.<\/p>\n<p>Os s\u00f3cios com a quota atualizada podem aceder a todos os artigos da <em>Educa\u00e7\u00e3o e Matem\u00e1tica<\/em> online. Est\u00e3o ainda dispon\u00edveis para todos, s\u00f3cios e n\u00e3o s\u00f3cios, alguns dos artigos de cada um dos n\u00fameros, nomeadamente sec\u00e7\u00f5es da revista.<\/p>\n<p>As institui\u00e7\u00f5es podem fazer assinatura da revista e esta pode ainda ser adquirida nas sedes da APM e na loja online.<\/p>\n<p><strong>Aten\u00e7\u00e3o<\/strong>: Para ter acesso \u00e0 vers\u00e3o integral da revista online tem que <strong><a href=\"http:\/\/www.apm.pt\/portal\/em.php\">entrar aqui<\/a><\/strong> e aceder \u00e0 zona reservada aos s\u00f3cios.<\/p>\n<p>Contacto da Revista: <a href=\"mailto:revista.apm.dir@gmail.com\" target=\"_blank\" rel=\"noopener noreferrer\">revista.apm.dir@gmail.com<\/a><\/p>\n","protected":false},"excerpt":{"rendered":"<p>A Educa\u00e7\u00e3o e Matem\u00e1tica \u00e9 uma revista profissional, com revis\u00e3o por pares, propriedade da APM e distribu\u00edda a todos os s\u00f3cios. Publicada desde 1987, a\u00a0sua periodicidade atual \u00e9 de cinco n\u00fameros anuais, sendo um deles duplo e tem\u00e1tico. Nela s\u00e3o publicados artigos diversos sobre o ensino e a aprendizagem da Matem\u00e1tica, relatos de experi\u00eancias de [&hellip;]<\/p>\n","protected":false},"author":1,"featured_media":258,"parent":0,"menu_order":0,"comment_status":"closed","ping_status":"closed","template":"fullwidth.php","meta":{"_monsterinsights_skip_tracking":false,"_monsterinsights_sitenote_active":false,"_monsterinsights_sitenote_note":"","_monsterinsights_sitenote_category":0,"jetpack_post_was_ever_published":false,"footnotes":""},"class_list":["post-247","page","type-page","status-publish","has-post-thumbnail","hentry"],"jetpack_sharing_enabled":true,"jetpack_shortlink":"https:\/\/wp.me\/P8Nl6b-3Z","jetpack-related-posts":[],"_links":{"self":[{"href":"https:\/\/wordpress.apm.pt\/index.php?rest_route=\/wp\/v2\/pages\/247","targetHints":{"allow":["GET"]}}],"collection":[{"href":"https:\/\/wordpress.apm.pt\/index.php?rest_route=\/wp\/v2\/pages"}],"about":[{"href":"https:\/\/wordpress.apm.pt\/index.php?rest_route=\/wp\/v2\/types\/page"}],"author":[{"embeddable":true,"href":"https:\/\/wordpress.apm.pt\/index.php?rest_route=\/wp\/v2\/users\/1"}],"replies":[{"embeddable":true,"href":"https:\/\/wordpress.apm.pt\/index.php?rest_route=%2Fwp%2Fv2%2Fcomments&post=247"}],"version-history":[{"count":5,"href":"https:\/\/wordpress.apm.pt\/index.php?rest_route=\/wp\/v2\/pages\/247\/revisions"}],"predecessor-version":[{"id":3120,"href":"https:\/\/wordpress.apm.pt\/index.php?rest_route=\/wp\/v2\/pages\/247\/revisions\/3120"}],"wp:featuredmedia":[{"embeddable":true,"href":"https:\/\/wordpress.apm.pt\/index.php?rest_route=\/wp\/v2\/media\/258"}],"wp:attachment":[{"href":"https:\/\/wordpress.apm.pt\/index.php?rest_route=%2Fwp%2Fv2%2Fmedia&parent=247"}],"curies":[{"name":"wp","href":"https:\/\/api.w.org\/{rel}","templated":true}]}}

Educação e Matemática

<p>A <em>Educação e Matemática</em> é uma revista profissional, com revisão por pares, propriedade da APM e distribuída a todos os sócios. Publicada desde 1987, a sua periodicidade atual é de cinco números anuais, sendo um deles duplo e temático. Nela são publicados artigos diversos sobre o ensino e a aprendizagem da Matemática, relatos de experiências de inovação, propostas de atividades para a sala de aula, etc. Para conhecer como pode publicar um texto na revista, consulte o campo <a href="http://www.apm.pt/portal/em.php?id=19488" target="_blank" rel="noopener noreferrer"><em>Como publicar</em></a>.</p>
<p>Os sócios com a quota atualizada podem aceder a todos os artigos da <em>Educação e Matemática</em> online. Estão ainda disponíveis para todos, sócios e não sócios, alguns dos artigos de cada um dos números, nomeadamente secções da revista.</p>
<p>As instituições podem fazer assinatura da revista e esta pode ainda ser adquirida nas sedes da APM e na loja online.</p>
<p><strong>Atenção</strong>: Para ter acesso à versão integral da revista online tem que <strong><a href="http://www.apm.pt/portal/em.php">entrar aqui</a></strong> e aceder à zona reservada aos sócios.</p>
<p>Contacto da Revista: <a href="mailto:revista.apm.dir@gmail.com" target="_blank" rel="noopener noreferrer">revista.apm.dir@gmail.com</a></p>

<p>A Educação e Matemática é uma revista profissional, com revisão por pares, propriedade da APM e distribuída a todos os sócios. Publicada desde 1987, a sua periodicidade atual é de cinco números anuais, sendo um deles duplo e temático. Nela são publicados artigos diversos sobre o ensino e a aprendizagem da Matemática, relatos de experiências de [&hellip;]</p>
