{"id":2933,"date":"2020-09-21T15:42:04","date_gmt":"2020-09-21T14:42:04","guid":{"rendered":"https:\/\/wordpress.apm.pt\/?page_id=2933"},"modified":"2020-10-06T18:02:25","modified_gmt":"2020-10-06T17:02:25","slug":"grupo-gtgeometria-apm","status":"publish","type":"page","link":"https:\/\/wordpress.apm.pt\/?page_id=2933","title":{"rendered":"GTGeometria &#8211; APM"},"content":{"rendered":"\n<p>O <strong>Grupo de Trabalho da Geometria<\/strong>, na sequ\u00eancia de v\u00e1rias publica\u00e7\u00f5es e recursos que tem disponibilizado ao longo da sua exist\u00eancia, oferece mais uma aliciante publica\u00e7\u00e3o (inteiramente digital e aberta) da autoria de Eduardo Veloso, <em>Arte e Geometria no Renascimento<\/em>.<\/p>\n\n\n\n<p>Esta obra, ainda em elabora\u00e7\u00e3o, \u00e9 desde j\u00e1 aqui disponibilizada e ser\u00e1 atualizada \u00e0 medida que o autor for desenvolvendo as respetivas atualiza\u00e7\u00f5es.<\/p>\n\n\n\n<p><em><a href=\"https:\/\/wordpress.apm.pt\/wp-content\/uploads\/2020\/10\/ArtGeom_OUT_2020.pdf\" target=\"_blank\" rel=\"noopener noreferrer\">Arte e Geometria no Renascimento<\/a><\/em>, vers\u00e3o de outubro 2020<\/p>\n<p>A acompanhar a obra h\u00e1 um conjunto de v\u00eddeos que pode aqui tamb\u00e9m consultar:<\/p>\n<p>P\u00e1gina 9, <a href=\"https:\/\/wordpress.apm.pt\/wp-content\/uploads\/2020\/10\/video_fig_10.mov\" target=\"_blank\" rel=\"noopener noreferrer\">V\u00eddeo da figura 10<\/a><\/p>\n<p>P\u00e1gina 11, <a href=\"https:\/\/wordpress.apm.pt\/wp-content\/uploads\/2020\/10\/video_fig_12.mov\" target=\"_blank\" rel=\"noopener noreferrer\">V\u00eddeo da figura 12<\/a> e <a href=\"https:\/\/wordpress.apm.pt\/wp-content\/uploads\/2020\/10\/video_fig_13.mov\" target=\"_blank\" rel=\"noopener noreferrer\">V\u00eddeo da figura 13<\/a><\/p>\n<p>P\u00e1gina 21, <a href=\"https:\/\/wordpress.apm.pt\/wp-content\/uploads\/2020\/10\/video_fig_22.mov\" target=\"_blank\" rel=\"noopener noreferrer\">V\u00eddeo da figura 22<\/a><\/p>\n<p style=\"text-align: right;\">GTG<\/p>\n<p>\u00a0<\/p>\n","protected":false},"excerpt":{"rendered":"<p>O Grupo de Trabalho da Geometria, na sequ\u00eancia de v\u00e1rias publica\u00e7\u00f5es e recursos que tem disponibilizado ao longo da sua exist\u00eancia, oferece mais uma aliciante publica\u00e7\u00e3o (inteiramente digital e aberta) da autoria de Eduardo Veloso, Arte e Geometria no Renascimento. Esta obra, ainda em elabora\u00e7\u00e3o, \u00e9 desde j\u00e1 aqui disponibilizada e ser\u00e1 atualizada \u00e0 medida [&hellip;]<\/p>\n","protected":false},"author":1,"featured_media":0,"parent":0,"menu_order":0,"comment_status":"closed","ping_status":"closed","template":"","meta":{"_monsterinsights_skip_tracking":false,"_monsterinsights_sitenote_active":false,"_monsterinsights_sitenote_note":"","_monsterinsights_sitenote_category":0,"jetpack_post_was_ever_published":false,"footnotes":""},"class_list":["post-2933","page","type-page","status-publish","hentry"],"jetpack_sharing_enabled":true,"jetpack_shortlink":"https:\/\/wp.me\/P8Nl6b-Lj","jetpack-related-posts":[],"_links":{"self":[{"href":"https:\/\/wordpress.apm.pt\/index.php?rest_route=\/wp\/v2\/pages\/2933","targetHints":{"allow":["GET"]}}],"collection":[{"href":"https:\/\/wordpress.apm.pt\/index.php?rest_route=\/wp\/v2\/pages"}],"about":[{"href":"https:\/\/wordpress.apm.pt\/index.php?rest_route=\/wp\/v2\/types\/page"}],"author":[{"embeddable":true,"href":"https:\/\/wordpress.apm.pt\/index.php?rest_route=\/wp\/v2\/users\/1"}],"replies":[{"embeddable":true,"href":"https:\/\/wordpress.apm.pt\/index.php?rest_route=%2Fwp%2Fv2%2Fcomments&post=2933"}],"version-history":[{"count":11,"href":"https:\/\/wordpress.apm.pt\/index.php?rest_route=\/wp\/v2\/pages\/2933\/revisions"}],"predecessor-version":[{"id":2983,"href":"https:\/\/wordpress.apm.pt\/index.php?rest_route=\/wp\/v2\/pages\/2933\/revisions\/2983"}],"wp:attachment":[{"href":"https:\/\/wordpress.apm.pt\/index.php?rest_route=%2Fwp%2Fv2%2Fmedia&parent=2933"}],"curies":[{"name":"wp","href":"https:\/\/api.w.org\/{rel}","templated":true}]}}

<p>O <strong>Grupo de Trabalho da Geometria</strong>, na sequência de várias publicações e recursos que tem disponibilizado ao longo da sua existência, oferece mais uma aliciante publicação (inteiramente digital e aberta) da autoria de Eduardo Veloso, <em>Arte e Geometria no Renascimento</em>.</p>



<p>Esta obra, ainda em elaboração, é desde já aqui disponibilizada e será atualizada à medida que o autor for desenvolvendo as respetivas atualizações.</p>



<p><em><a href="https://wordpress.apm.pt/wp-content/uploads/2020/10/ArtGeom_OUT_2020.pdf" target="_blank" rel="noopener noreferrer">Arte e Geometria no Renascimento</a></em>, versão de outubro 2020</p>
<p>A acompanhar a obra há um conjunto de vídeos que pode aqui também consultar:</p>
<p>Página 9, <a href="https://wordpress.apm.pt/wp-content/uploads/2020/10/video_fig_10.mov" target="_blank" rel="noopener noreferrer">Vídeo da figura 10</a></p>
<p>Página 11, <a href="https://wordpress.apm.pt/wp-content/uploads/2020/10/video_fig_12.mov" target="_blank" rel="noopener noreferrer">Vídeo da figura 12</a> e <a href="https://wordpress.apm.pt/wp-content/uploads/2020/10/video_fig_13.mov" target="_blank" rel="noopener noreferrer">Vídeo da figura 13</a></p>
<p>Página 21, <a href="https://wordpress.apm.pt/wp-content/uploads/2020/10/video_fig_22.mov" target="_blank" rel="noopener noreferrer">Vídeo da figura 22</a></p>
<p style="text-align: right;">GTG</p>
<p> </p>

<p>O Grupo de Trabalho da Geometria, na sequência de várias publicações e recursos que tem disponibilizado ao longo da sua existência, oferece mais uma aliciante publicação (inteiramente digital e aberta) da autoria de Eduardo Veloso, Arte e Geometria no Renascimento. Esta obra, ainda em elaboração, é desde já aqui disponibilizada e será atualizada à medida [&hellip;]</p>
